CRAN Package Check Results for Package geoknife

Last updated on 2015-12-29 00:46:42.

Flavor Version Tinstall Tcheck Ttotal Status Flags
r-devel-linux-x86_64-debian-gcc 1.0.0 1.96 173.01 174.97 OK
r-devel-linux-x86_64-fedora-clang 1.0.0 65.53 OK
r-devel-linux-x86_64-fedora-gcc 1.0.0 63.40 OK
r-devel-osx-x86_64-clang 1.0.0 194.65 OK
r-devel-windows-ix86+x86_64 1.0.0 6.00 195.00 201.00 OK
r-patched-linux-x86_64 1.0.0 1.96 209.07 211.03 OK
r-patched-solaris-sparc 1.0.0 385.60 NOTE
r-patched-solaris-x86 1.0.0 86.40 OK
r-release-linux-x86_64 1.0.0 1.97 164.30 166.27 OK
r-release-osx-x86_64-mavericks 1.0.0 OK
r-release-windows-ix86+x86_64 1.0.0 10.00 240.00 250.00 ERROR
r-oldrel-windows-ix86+x86_64 1.0.0 15.00 216.00 231.00 OK

Check Details

Version: 1.0.0
Check: re-building of vignette outputs
Result: NOTE
    Error in re-building vignettes:
     ...
    15: geoknife(stencil, fabric, wait = TRUE)
    16: eval(expr, envir, enclos)
    17: eval(expr, envir, enclos)
    18: withVisible(eval(expr, envir, enclos))
    19: withCallingHandlers(withVisible(eval(expr, envir, enclos)), warning = wHandler, error = eHandler, message = mHandler)
    20: handle(ev <- withCallingHandlers(withVisible(eval(expr, envir, enclos)), warning = wHandler, error = eHandler, message = mHandler))
    21: evaluate_call(expr, parsed$src[[i]], envir = envir, enclos = enclos, debug = debug, last = i == length(out), use_try = stop_on_error != 2L, keep_warning = keep_warning, keep_message = keep_message, output_handler = output_handler)
    22: evaluate::evaluate(code, envir = env, new_device = FALSE, keep_warning = !isFALSE(options$warning), keep_message = !isFALSE(options$message), stop_on_error = if (options$error && options$include) 0L else 2L, output_handler = knit_handlers(options$render, options))
    23: in_dir(opts_knit$get("root.dir") %n% input_dir(), evaluate::evaluate(code, envir = env, new_device = FALSE, keep_warning = !isFALSE(options$warning), keep_message = !isFALSE(options$message), stop_on_error = if (options$error && options$include) 0L else 2L, output_handler = knit_handlers(options$render, options)))
    24: block_exec(params)
    25: call_block(x)
    26: process_group.block(group)
    27: process_group(group)
    28: withCallingHandlers(if (tangle) process_tangle(group) else process_group(group), error = function(e) { setwd(wd) cat(res, sep = "\n", file = output %n% "") message("Quitting from lines ", paste(current_lines(i), collapse = "-"), " (", knit_concord$get("infile"), ") ") })
    29: process_file(text, output)
    30: knit(input, text = text, envir = envir, encoding = encoding, quiet = quiet)
    31: (if (grepl("\\.[Rr]md$", file)) knit2html else if (grepl("\\.[Rr]rst$", file)) knit2pdf else knit)(file, encoding = encoding, quiet = quiet, envir = globalenv())
    32: vweave(...)
    33: engine$weave(file, quiet = quiet, encoding = enc)
    34: doTryCatch(return(expr), name, parentenv, handler)
    35: tryCatchOne(expr, names, parentenv, handlers[[1L]])
    36: tryCatchList(expr, classes, parentenv, handlers)
    37: tryCatch({ engine$weave(file, quiet = quiet, encoding = enc) setwd(startdir) find_vignette_product(name, by = "weave", engine = engine)}, error = function(e) { stop(gettextf("processing vignette '%s' failed with diagnostics:\n%s", file, conditionMessage(e)), domain = NA, call. = FALSE)})
    38: buildVignettes(dir = "/home/ripley/R/packages/tests32/geoknife.Rcheck/vign_test/geoknife")
    aborting ...
Flavor: r-patched-solaris-sparc

Version: 1.0.0
Check: examples
Result: ERROR
    Running examples in 'geoknife-Ex.R' failed
    The error most likely occurred in:
    
    > ### Name: XML
    > ### Title: XML from set of objects
    > ### Aliases: XML XML,ANY,webdata,webprocess-method XML,webgeom-method
    >
    > ### ** Examples
    >
    > wd <- webdata('prism',times = as.POSIXct(c('2001-01-01','2002-02-05')))
    > wg <- webgeom('state::Wisconsin')
    Error in curl::curl_fetch_memory(url, handle = handle) :
     Timeout was reached
    Calls: webgeom ... request_fetch -> request_fetch.write_memory -> <Anonymous> -> .Call
    Execution halted
Flavor: r-release-windows-ix86+x86_64