Last updated on 2015-12-29 00:46:42.
Flavor | Version | Tinstall | Tcheck | Ttotal | Status | Flags |
---|---|---|---|---|---|---|
r-devel-linux-x86_64-debian-gcc | 1.8 | 1.59 | 6.92 | 8.51 | NOTE | |
r-devel-linux-x86_64-fedora-clang | 1.8 | 16.04 | NOTE | |||
r-devel-linux-x86_64-fedora-gcc | 1.8 | 15.20 | NOTE | |||
r-devel-osx-x86_64-clang | 1.8 | 20.97 | NOTE | |||
r-devel-windows-ix86+x86_64 | 1.8 | 11.00 | 30.00 | 41.00 | NOTE | |
r-patched-linux-x86_64 | 1.8 | 1.64 | 7.42 | 9.06 | NOTE | |
r-patched-solaris-sparc | 1.8 | 102.40 | NOTE | |||
r-patched-solaris-x86 | 1.8 | 22.70 | NOTE | |||
r-release-linux-x86_64 | 1.8 | 1.61 | 7.61 | 9.22 | NOTE | |
r-release-osx-x86_64-mavericks | 1.8 | NOTE | ||||
r-release-windows-ix86+x86_64 | 1.8 | 6.00 | 20.00 | 26.00 | NOTE | |
r-oldrel-windows-ix86+x86_64 | 1.8 | 10.00 | 23.00 | 33.00 | OK |
Version: 1.8
Check: DESCRIPTION meta-information
Result: NOTE
Malformed Description field: should contain one or more complete sentences.
Flavors: r-devel-linux-x86_64-debian-gcc, r-devel-linux-x86_64-fedora-clang, r-devel-linux-x86_64-fedora-gcc, r-devel-osx-x86_64-clang, r-devel-windows-ix86+x86_64, r-patched-linux-x86_64, r-patched-solaris-sparc, r-patched-solaris-x86, r-release-linux-x86_64, r-release-osx-x86_64-mavericks, r-release-windows-ix86+x86_64