CRAN Package Check Results for Package gmp

Last updated on 2015-12-29 00:46:42.

Flavor Version Tinstall Tcheck Ttotal Status Flags
r-devel-linux-x86_64-debian-gcc 0.5-12 12.02 15.88 27.89 NOTE
r-devel-linux-x86_64-fedora-clang 0.5-12 55.44 NOTE
r-devel-linux-x86_64-fedora-gcc 0.5-12 54.58 NOTE
r-devel-osx-x86_64-clang 0.5-12 53.48 NOTE
r-devel-windows-ix86+x86_64 0.5-12 50.00 64.00 114.00 OK
r-patched-linux-x86_64 0.5-12 12.51 16.72 29.23 NOTE
r-patched-solaris-sparc 0.5-12 308.60 NOTE
r-patched-solaris-x86 0.5-12 70.30 NOTE
r-release-linux-x86_64 0.5-12 12.07 16.77 28.84 NOTE
r-release-osx-x86_64-mavericks 0.5-12 OK
r-release-windows-ix86+x86_64 0.5-12 59.00 50.00 109.00 OK
r-oldrel-windows-ix86+x86_64 0.5-12 65.00 53.00 118.00 OK

Check Details

Version: 0.5-12
Check: top-level files
Result: NOTE
    Non-standard file/directory found at top level:
     ‘Done’
Flavors: r-devel-linux-x86_64-debian-gcc, r-devel-linux-x86_64-fedora-clang, r-devel-linux-x86_64-fedora-gcc, r-patched-linux-x86_64, r-release-linux-x86_64

Version: 0.5-12
Check: S3 generic/method consistency
Result: NOTE
    Found the following apparent S3 methods exported but not registered:
     apply.bigq apply.bigz apply.default as.vector.bigq as.vector.bigz
     matrix.bigq matrix.bigz matrix.default modulus.bigz modulus<-.bigz
     prod.bigq prod.bigz
    See section ‘Registering S3 methods’ in the ‘Writing R Extensions’
    manual.
Flavors: r-devel-linux-x86_64-debian-gcc, r-devel-linux-x86_64-fedora-clang, r-devel-linux-x86_64-fedora-gcc, r-devel-osx-x86_64-clang, r-patched-linux-x86_64, r-patched-solaris-sparc, r-patched-solaris-x86, r-release-linux-x86_64