CRAN Package Check Results for Package googlesheets

Last updated on 2015-12-29 00:46:42.

Flavor Version Tinstall Tcheck Ttotal Status Flags
r-devel-linux-x86_64-debian-gcc 0.1.0 1.54 43.46 45.01 OK
r-devel-linux-x86_64-fedora-clang 0.1.0 55.11 OK
r-devel-linux-x86_64-fedora-gcc 0.1.0 51.51 OK
r-devel-osx-x86_64-clang 0.1.0 70.20 OK
r-devel-windows-ix86+x86_64 0.1.0 8.00 65.00 73.00 OK
r-patched-linux-x86_64 0.1.0 1.77 42.07 43.84 OK
r-patched-solaris-sparc 0.1.0 337.90 OK
r-patched-solaris-x86 0.1.0 69.60 OK
r-release-linux-x86_64 0.1.0 1.68 39.86 41.54 OK
r-release-osx-x86_64-mavericks 0.1.0 OK
r-release-windows-ix86+x86_64 0.1.0 12.00 89.00 101.00 OK
r-oldrel-windows-ix86+x86_64 0.1.0 15.00 57.00 72.00 NOTE

Check Details

Version: 0.1.0
Check: R code for possible problems
Result: NOTE
    gs_gap_key: no visible global function definition for 'get0'
Flavor: r-oldrel-windows-ix86+x86_64

Version: 0.1.0
Check: re-building of vignette outputs
Result: NOTE
    Error in re-building vignettes:
     ...
    Quitting from lines 100-101 (basic-usage.Rmd)
    Error: processing vignette 'basic-usage.Rmd' failed with diagnostics:
    could not find function "get0"
    Execution halted
Flavor: r-oldrel-windows-ix86+x86_64