Last updated on 2015-12-29 00:46:43.
Flavor | Version | Tinstall | Tcheck | Ttotal | Status | Flags |
---|---|---|---|---|---|---|
r-devel-linux-x86_64-debian-gcc | 0.2.4.0 | 111.84 | 68.96 | 180.79 | NOTE | |
r-devel-linux-x86_64-fedora-clang | 0.2.4.0 | 406.11 | NOTE | |||
r-devel-linux-x86_64-fedora-gcc | 0.2.4.0 | 380.19 | NOTE | |||
r-devel-osx-x86_64-clang | 0.2.4.0 | 276.78 | OK | |||
r-devel-windows-ix86+x86_64 | 0.2.4.0 | 319.00 | 211.00 | 530.00 | OK | |
r-patched-linux-x86_64 | 0.2.4.0 | 111.79 | 70.65 | 182.44 | NOTE | |
r-patched-solaris-sparc | 0.2.4.0 | 2401.30 | OK | |||
r-patched-solaris-x86 | 0.2.4.0 | 378.20 | OK | |||
r-release-linux-x86_64 | 0.2.4.0 | 119.28 | 71.34 | 190.62 | NOTE | |
r-release-osx-x86_64-mavericks | 0.2.4.0 | NOTE | ||||
r-release-windows-ix86+x86_64 | 0.2.4.0 | 397.00 | 277.00 | 674.00 | OK | |
r-oldrel-windows-ix86+x86_64 | 0.2.3.9 | 401.00 | 339.00 | 740.00 | NOTE |
Version: 0.2.4.0
Check: installed package size
Result: NOTE
installed size is 17.1Mb
sub-directories of 1Mb or more:
libs 16.6Mb
Flavors: r-devel-linux-x86_64-debian-gcc, r-devel-linux-x86_64-fedora-clang, r-devel-linux-x86_64-fedora-gcc, r-patched-linux-x86_64, r-release-linux-x86_64, r-release-osx-x86_64-mavericks
Version: 0.2.3.9
Check: compiled code
Result: NOTE
File 'growcurves/libs/i386/growcurves.dll':
Found 'srand', possibly from 'srand' (C)
Objects: 'DPre.o', 'ddp.o', 'lgm.o', 'mmC.o', 'mmCchol.o',
'mmCmiar.o', 'mmCmvplusDP.o', 'mmCplusDP.o', 'mmI.o',
'mmIgroup.o', 'mmIgroupDP.o', 'mmIplusDP.o', 'mmmult.o'
File 'growcurves/libs/x64/growcurves.dll':
Found 'srand', possibly from 'srand' (C)
Objects: 'DPre.o', 'ddp.o', 'lgm.o', 'mmC.o', 'mmCchol.o',
'mmCmiar.o', 'mmCmvplusDP.o', 'mmCplusDP.o', 'mmI.o',
'mmIgroup.o', 'mmIgroupDP.o', 'mmIplusDP.o', 'mmmult.o'
Compiled code should not call entry points which might terminate R nor
write to stdout/stderr instead of to the console, nor the system RNG.
See 'Writing portable packages' in the 'Writing R Extensions' manual.
Flavor: r-oldrel-windows-ix86+x86_64