CRAN Package Check Results for Package gstat

Last updated on 2015-12-29 00:46:43.

Flavor Version Tinstall Tcheck Ttotal Status Flags
r-devel-linux-x86_64-debian-gcc 1.1-0 9.68 102.10 111.78 OK
r-devel-linux-x86_64-fedora-clang 1.1-0 226.46 OK
r-devel-linux-x86_64-fedora-gcc 1.1-0 219.68 OK
r-devel-osx-x86_64-clang 1.1-0 231.41 OK
r-devel-windows-ix86+x86_64 1.1-0 50.00 230.00 280.00 OK
r-patched-linux-x86_64 1.1-0 9.57 103.50 113.07 OK
r-patched-solaris-sparc 1.1-0 1350.50 OK
r-patched-solaris-x86 1.1-0 273.60 OK
r-release-linux-x86_64 1.1-0 9.58 106.70 116.28 OK
r-release-osx-x86_64-mavericks 1.1-0 OK
r-release-windows-ix86+x86_64 1.1-0 62.00 293.00 355.00 OK
r-oldrel-windows-ix86+x86_64 1.1-0 60.00 8.00 68.00 ERROR

Check Details

Version: 1.1-0
Check: whether package can be installed
Result: ERROR
    Installation failed.
Flavor: r-oldrel-windows-ix86+x86_64