Last updated on 2015-12-29 00:46:43.
Flavor | Version | Tinstall | Tcheck | Ttotal | Status | Flags |
---|---|---|---|---|---|---|
r-devel-linux-x86_64-debian-gcc | 0.2.6 | 0.66 | 10.20 | 10.86 | NOTE | |
r-devel-linux-x86_64-fedora-clang | 0.2.6 | 21.51 | NOTE | |||
r-devel-linux-x86_64-fedora-gcc | 0.2.6 | 19.49 | NOTE | |||
r-devel-osx-x86_64-clang | 0.2.6 | 25.74 | NOTE | |||
r-devel-windows-ix86+x86_64 | 0.2.6 | 2.00 | 30.00 | 32.00 | NOTE | |
r-patched-linux-x86_64 | 0.2.6 | 0.70 | 10.92 | 11.63 | NOTE | |
r-patched-solaris-sparc | 0.2.6 | 135.80 | NOTE | |||
r-patched-solaris-x86 | 0.2.6 | 30.30 | NOTE | |||
r-release-linux-x86_64 | 0.2.6 | 0.79 | 10.76 | 11.55 | NOTE | |
r-release-osx-x86_64-mavericks | 0.2.6 | NOTE | ||||
r-release-windows-ix86+x86_64 | 0.2.6 | 4.00 | 23.00 | 27.00 | NOTE | |
r-oldrel-windows-ix86+x86_64 | 0.2.6 | 6.00 | 27.00 | 33.00 | NOTE |
Version: 0.2.6
Check: DESCRIPTION meta-information
Result: NOTE
Malformed Description field: should contain one or more complete sentences.
Flavors: r-devel-linux-x86_64-debian-gcc, r-devel-linux-x86_64-fedora-clang, r-devel-linux-x86_64-fedora-gcc, r-devel-osx-x86_64-clang, r-devel-windows-ix86+x86_64, r-patched-linux-x86_64, r-patched-solaris-sparc, r-patched-solaris-x86, r-release-linux-x86_64, r-release-osx-x86_64-mavericks, r-release-windows-ix86+x86_64
Version: 0.2.6
Check: dependencies in R code
Result: NOTE
'library' or 'require' call to ‘markdown’ in package code.
Please use :: or requireNamespace() instead.
See section 'Suggested packages' in the 'Writing R Extensions' manual.
Flavors: r-devel-linux-x86_64-debian-gcc, r-devel-linux-x86_64-fedora-clang, r-devel-linux-x86_64-fedora-gcc, r-devel-osx-x86_64-clang, r-devel-windows-ix86+x86_64, r-patched-linux-x86_64, r-patched-solaris-sparc, r-patched-solaris-x86, r-release-linux-x86_64, r-release-osx-x86_64-mavericks, r-release-windows-ix86+x86_64, r-oldrel-windows-ix86+x86_64