Last updated on 2015-12-29 00:46:44.
Flavor | Version | Tinstall | Tcheck | Ttotal | Status | Flags |
---|---|---|---|---|---|---|
r-devel-linux-x86_64-debian-gcc | 2013.9.3 | 0.82 | 16.76 | 17.58 | NOTE | |
r-devel-linux-x86_64-fedora-clang | 2013.9.3 | 26.01 | NOTE | |||
r-devel-linux-x86_64-fedora-gcc | 2013.9.3 | 24.39 | NOTE | |||
r-devel-osx-x86_64-clang | 2013.9.3 | 34.65 | NOTE | |||
r-devel-windows-ix86+x86_64 | 2013.9.3 | 7.00 | 41.00 | 48.00 | OK | |
r-patched-linux-x86_64 | 2013.9.3 | 0.94 | 17.34 | 18.28 | NOTE | |
r-patched-solaris-sparc | 2013.9.3 | 167.40 | NOTE | |||
r-patched-solaris-x86 | 2013.9.3 | 36.00 | NOTE | |||
r-release-linux-x86_64 | 2013.9.3 | 0.87 | 17.46 | 18.34 | NOTE | |
r-release-osx-x86_64-mavericks | 2013.9.3 | OK | ||||
r-release-windows-ix86+x86_64 | 2013.9.3 | 4.00 | 29.00 | 33.00 | OK | |
r-oldrel-windows-ix86+x86_64 | 2013.9.3 | 8.00 | 29.00 | 37.00 | OK |
Version: 2013.9.3
Check: S3 generic/method consistency
Result: NOTE
Found the following apparent S3 methods exported but not registered:
combine.NULL print.allfun
See section ‘Registering S3 methods’ in the ‘Writing R Extensions’
manual.
Flavors: r-devel-linux-x86_64-debian-gcc, r-devel-linux-x86_64-fedora-clang, r-devel-linux-x86_64-fedora-gcc, r-devel-osx-x86_64-clang, r-patched-linux-x86_64, r-patched-solaris-sparc, r-patched-solaris-x86, r-release-linux-x86_64