CRAN Package Check Results for Package localsolver

Last updated on 2015-12-29 00:46:45.

Flavor Version Tinstall Tcheck Ttotal Status Flags
r-devel-linux-x86_64-debian-gcc 2.3 0.64 9.19 9.83 OK --install=fake
r-devel-linux-x86_64-fedora-clang 2.3 17.91 OK --install=fake
r-devel-linux-x86_64-fedora-gcc 2.3 16.70 OK --install=fake
r-devel-windows-ix86+x86_64 2.3 3.00 38.00 41.00 OK
r-patched-linux-x86_64 2.3 0.68 9.70 10.38 OK --install=fake
r-release-linux-x86_64 2.3 0.62 9.71 10.33 OK --install=fake
r-release-osx-x86_64-mavericks 2.3 ERROR
r-release-windows-ix86+x86_64 2.3 5.00 24.00 29.00 OK
r-oldrel-windows-ix86+x86_64 2.3 5.00 27.00 32.00 OK

Check Details

Version: 2.3
Check: examples
Result: ERROR
    Running examples in ‘localsolver-Ex.R’ failed
    The error most likely occurred in:
    
    > ### Name: add.output.expr
    > ### Title: Add expression to output of ls.problem.
    > ### Aliases: add.output.expr
    >
    > ### ** Examples
    >
    > model.text.lsp <- lsp.model.example('extdata/knapsack.txt')
    > lsp <- ls.problem(model.text.lsp)
    sh: localsolver: command not found
    Error: has.localsolver(ls.path) is not TRUE
    Execution halted
Flavor: r-release-osx-x86_64-mavericks

Version: 2.3
Check: re-building of vignette outputs
Result: NOTE
    Error in re-building vignettes:
     ...
    sh: localsolver: command not found
    Quitting from lines 66-68 (localsolver.Rmd)
    Error: processing vignette 'localsolver.Rmd' failed with diagnostics:
    has.localsolver(ls.path) is not TRUE
    Execution halted
Flavor: r-release-osx-x86_64-mavericks