CRAN Package Check Results for Package maps

Last updated on 2015-12-29 00:46:46.

Flavor Version Tinstall Tcheck Ttotal Status Flags
r-devel-linux-x86_64-debian-gcc 3.0.1 2.91 14.05 16.96 OK
r-devel-linux-x86_64-fedora-clang 3.0.1 31.51 OK
r-devel-linux-x86_64-fedora-gcc 3.0.1 29.39 OK
r-devel-osx-x86_64-clang 3.0.1 42.08 OK
r-devel-windows-ix86+x86_64 3.0.1 41.00 89.00 130.00 NOTE
r-patched-linux-x86_64 3.0.1 3.16 14.80 17.96 OK
r-patched-solaris-sparc 3.0.1 225.70 NOTE
r-patched-solaris-x86 3.0.1 50.40 NOTE
r-release-linux-x86_64 3.0.1 3.43 14.44 17.88 OK
r-release-osx-x86_64-mavericks 3.0.1 OK
r-release-windows-ix86+x86_64 3.0.1 27.00 50.00 77.00 NOTE
r-oldrel-windows-ix86+x86_64 3.0.1 29.00 85.00 114.00 NOTE

Check Details

Version: 3.0.1
Check: compiled code
Result: NOTE
    Note: information on .o files for i386 is not available
    Note: information on .o files for x64 is not available
    File 'd:/Rcompile/CRANpkg/lib/3.3/maps/libs/i386/maps.dll':
     Found 'abort', possibly from 'abort' (C), 'runtime' (Fortran)
    File 'd:/Rcompile/CRANpkg/lib/3.3/maps/libs/x64/maps.dll':
     Found 'abort', possibly from 'abort' (C), 'runtime' (Fortran)
    
    Compiled code should not call entry points which might terminate R nor
    write to stdout/stderr instead of to the console, nor the system RNG.
    The detected symbols are linked into the code but might come from
    libraries and not actually be called.
    
    See 'Writing portable packages' in the 'Writing R Extensions' manual.
Flavor: r-devel-windows-ix86+x86_64

Version: 3.0.1
Check: installed package size
Result: NOTE
     installed size is 5.1Mb
     sub-directories of 1Mb or more:
     mapdata 4.1Mb
Flavors: r-patched-solaris-sparc, r-patched-solaris-x86

Version: 3.0.1
Check: compiled code
Result: NOTE
    Note: information on .o files for i386 is not available
    Note: information on .o files for x64 is not available
    File 'd:/Rcompile/CRANpkg/lib/3.2/maps/libs/i386/maps.dll':
     Found 'abort', possibly from 'abort' (C), 'runtime' (Fortran)
    File 'd:/Rcompile/CRANpkg/lib/3.2/maps/libs/x64/maps.dll':
     Found 'abort', possibly from 'abort' (C), 'runtime' (Fortran)
    
    Compiled code should not call entry points which might terminate R nor
    write to stdout/stderr instead of to the console, nor the system RNG.
    The detected symbols are linked into the code but might come from
    libraries and not actually be called.
    
    See 'Writing portable packages' in the 'Writing R Extensions' manual.
Flavor: r-release-windows-ix86+x86_64

Version: 3.0.1
Check: compiled code
Result: NOTE
    Note: information on .o files for i386 is not available
    Note: information on .o files for x64 is not available
    File 'd:/Rcompile/CRANpkg/lib/3.1/maps/libs/i386/maps.dll':
     Found 'abort', possibly from 'abort' (C), 'runtime' (Fortran)
    File 'd:/Rcompile/CRANpkg/lib/3.1/maps/libs/x64/maps.dll':
     Found 'abort', possibly from 'abort' (C), 'runtime' (Fortran)
    
    Compiled code should not call entry points which might terminate R nor
    write to stdout/stderr instead of to the console, nor the system RNG.
    The detected symbols are linked into the code but might come from
    libraries and not actually be called.
    
    See 'Writing portable packages' in the 'Writing R Extensions' manual.
Flavor: r-oldrel-windows-ix86+x86_64