Last updated on 2015-12-29 00:46:48.
Flavor | Version | Tinstall | Tcheck | Ttotal | Status | Flags |
---|---|---|---|---|---|---|
r-devel-linux-x86_64-debian-gcc | 0.2 | 8.09 | 202.18 | 210.28 | OK | |
r-devel-linux-x86_64-fedora-clang | 0.2 | 450.69 | OK | |||
r-devel-linux-x86_64-fedora-gcc | 0.2 | 436.24 | OK | |||
r-devel-osx-x86_64-clang | 0.2 | 465.61 | OK | |||
r-devel-windows-ix86+x86_64 | 0.2 | 24.00 | 332.00 | 356.00 | OK | |
r-patched-linux-x86_64 | 0.2 | 10.78 | 266.32 | 277.11 | OK | |
r-patched-solaris-sparc | 0.2 | 3191.70 | OK | |||
r-patched-solaris-x86 | 0.2 | 640.00 | OK | |||
r-release-linux-x86_64 | 0.2 | 8.94 | 262.22 | 271.16 | OK | |
r-release-osx-x86_64-mavericks | 0.2 | NOTE | ||||
r-release-windows-ix86+x86_64 | 0.2 | 31.00 | 531.00 | 562.00 | OK | |
r-oldrel-windows-ix86+x86_64 | 0.2 | 62.00 | 499.00 | 561.00 | OK |
Version: 0.2
Check: package dependencies
Result: NOTE
Package suggested but not available for checking: ‘rglwidget’
Flavor: r-release-osx-x86_64-mavericks