CRAN Package Check Results for Package mycor

Last updated on 2015-12-29 00:46:48.

Flavor Version Tinstall Tcheck Ttotal Status Flags
r-devel-linux-x86_64-debian-gcc 0.1 0.66 11.48 12.14 NOTE
r-devel-linux-x86_64-fedora-clang 0.1 25.26 NOTE
r-devel-linux-x86_64-fedora-gcc 0.1 24.55 NOTE
r-devel-osx-x86_64-clang 0.1 25.92 NOTE
r-devel-windows-ix86+x86_64 0.1 3.00 38.00 41.00 NOTE
r-patched-linux-x86_64 0.1 0.73 12.08 12.81 NOTE
r-patched-solaris-sparc 0.1 141.30 NOTE
r-patched-solaris-x86 0.1 33.90 NOTE
r-release-linux-x86_64 0.1 0.76 12.16 12.92 NOTE
r-release-osx-x86_64-mavericks 0.1 OK
r-release-windows-ix86+x86_64 0.1 4.00 23.00 27.00 OK
r-oldrel-windows-ix86+x86_64 0.1 5.00 27.00 32.00 OK

Check Details

Version: 0.1
Check: S3 generic/method consistency
Result: NOTE
    Found the following apparent S3 methods exported but not registered:
     mycor.default mycor.formula plot.mycor print.mycor summary.mycor
    See section ‘Registering S3 methods’ in the ‘Writing R Extensions’
    manual.
Flavors: r-devel-linux-x86_64-debian-gcc, r-devel-linux-x86_64-fedora-clang, r-devel-linux-x86_64-fedora-gcc, r-devel-osx-x86_64-clang, r-patched-linux-x86_64, r-patched-solaris-sparc, r-patched-solaris-x86, r-release-linux-x86_64

Version: 0.1
Check: R code for possible problems
Result: NOTE
    mycor.formula: no visible global function definition for ‘terms’
    mylm: no visible global function definition for ‘cor.test’
    mylm: no visible global function definition for ‘lm’
    panel.cor: no visible global function definition for ‘par’
    panel.cor: no visible global function definition for ‘cor’
    panel.cor: no visible global function definition for ‘strwidth’
    panel.cor: no visible global function definition for ‘text’
    panel.hist: no visible global function definition for ‘par’
    panel.hist: no visible global function definition for ‘hist’
    panel.hist: no visible global function definition for ‘rect’
    plot.mycor: no visible global function definition for ‘pairs’
    plot.mycor: no visible binding for global variable ‘panel.smooth’
    Undefined global functions or variables:
     cor cor.test hist lm pairs panel.smooth par rect strwidth terms text
    Consider adding
     importFrom("graphics", "hist", "pairs", "panel.smooth", "par", "rect",
     "strwidth", "text")
     importFrom("stats", "cor", "cor.test", "lm", "terms")
    to your NAMESPACE.
Flavors: r-devel-linux-x86_64-debian-gcc, r-devel-linux-x86_64-fedora-clang, r-devel-linux-x86_64-fedora-gcc, r-devel-windows-ix86+x86_64