Last updated on 2015-12-29 00:46:48.
Flavor | Version | Tinstall | Tcheck | Ttotal | Status | Flags |
---|---|---|---|---|---|---|
r-devel-linux-x86_64-debian-gcc | 1.1.1 | 0.84 | 10.85 | 11.69 | NOTE | |
r-devel-linux-x86_64-fedora-clang | 1.1.1 | 24.00 | NOTE | |||
r-devel-linux-x86_64-fedora-gcc | 1.1.1 | 23.88 | NOTE | |||
r-devel-osx-x86_64-clang | 1.1.1 | 25.91 | NOTE | |||
r-devel-windows-ix86+x86_64 | 1.1.1 | 5.00 | 24.00 | 29.00 | NOTE | |
r-patched-linux-x86_64 | 1.1.1 | 0.92 | 11.55 | 12.46 | NOTE | |
r-patched-solaris-sparc | 1.1.1 | 151.80 | NOTE | |||
r-patched-solaris-x86 | 1.1.1 | 36.60 | NOTE | |||
r-release-linux-x86_64 | 1.1.1 | 0.90 | 12.25 | 13.15 | NOTE | |
r-release-osx-x86_64-mavericks | 1.1.1 | NOTE | ||||
r-release-windows-ix86+x86_64 | 1.1.1 | 3.00 | 23.00 | 26.00 | NOTE | |
r-oldrel-windows-ix86+x86_64 | 1.1.1 | 4.00 | 24.00 | 28.00 | OK |
Version: 1.1.1
Check: DESCRIPTION meta-information
Result: NOTE
Malformed Description field: should contain one or more complete sentences.
Flavors: r-devel-linux-x86_64-debian-gcc, r-devel-linux-x86_64-fedora-clang, r-devel-linux-x86_64-fedora-gcc, r-devel-osx-x86_64-clang, r-devel-windows-ix86+x86_64, r-patched-linux-x86_64, r-patched-solaris-sparc, r-patched-solaris-x86, r-release-linux-x86_64, r-release-osx-x86_64-mavericks, r-release-windows-ix86+x86_64
Version: 1.1.1
Check: R code for possible problems
Result: NOTE
update_episode: no visible global function definition for ‘browseURL’
Undefined global functions or variables:
browseURL
Consider adding
importFrom("utils", "browseURL")
to your NAMESPACE.
Flavors: r-devel-linux-x86_64-debian-gcc, r-devel-linux-x86_64-fedora-clang, r-devel-linux-x86_64-fedora-gcc, r-devel-windows-ix86+x86_64
Version: 1.1.1
Check: Rd line widths
Result: NOTE
Rd file 'myepisodes_feed_url.Rd':
\examples lines wider than 100 characters:
## Not run: myepisodes_feed_url("foouser", "321654321654321", feed = "mylist", onlyunacquired = TRUE, showignored = FALSE)
Rd file 'shows_from_myepisodes.Rd':
\examples lines wider than 100 characters:
## Not run: shows_from_myepisodes("foouser", "321654321654321", feed = "mylist", onlyunacquired = TRUE, showignored = FALSE)
These lines will be truncated in the PDF manual.
Flavors: r-devel-linux-x86_64-debian-gcc, r-devel-linux-x86_64-fedora-clang, r-devel-linux-x86_64-fedora-gcc, r-patched-linux-x86_64, r-release-linux-x86_64