CRAN Package Check Results for Package ngspatial

Last updated on 2015-12-29 00:46:49.

Flavor Version Tinstall Tcheck Ttotal Status Flags
r-devel-linux-x86_64-debian-gcc 1.0-5 13.31 24.49 37.80 NOTE
r-devel-linux-x86_64-fedora-clang 1.0-5 73.75 NOTE
r-devel-linux-x86_64-fedora-gcc 1.0-5 67.77 NOTE
r-devel-osx-x86_64-clang 1.0-5 71.49 OK
r-devel-windows-ix86+x86_64 1.0-5 46.00 60.00 106.00 NOTE
r-patched-linux-x86_64 1.0-5 13.66 26.44 40.10 OK
r-patched-solaris-sparc 1.0-5 493.60 OK
r-patched-solaris-x86 1.0-5 92.60 OK
r-release-linux-x86_64 1.0-5 13.70 25.26 38.95 OK
r-release-osx-x86_64-mavericks 1.0-5 OK
r-release-windows-ix86+x86_64 1.0-5 53.00 60.00 113.00 OK
r-oldrel-windows-ix86+x86_64 1.0-5 56.00 68.00 124.00 OK

Check Details

Version: 1.0-5
Check: R code for possible problems
Result: NOTE
    Moller.train: no visible global function definition for ‘vcov’
    Moller.train: no visible global function definition for ‘glm’
    Moller.train: no visible binding for global variable ‘binomial’
    Moller.train: no visible global function definition for ‘cov’
    autologistic: no visible global function definition for
     ‘model.response’
    autologistic: no visible global function definition for ‘model.matrix’
    autologistic: no visible global function definition for ‘flush.console’
    autologistic: no visible global function definition for ‘.getXlevels’
    autologistic.fit: no visible global function definition for ‘glm’
    autologistic.fit: no visible binding for global variable ‘binomial’
    autologistic.fit: no visible global function definition for ‘optim’
    sparse.sglmm: no visible binding for global variable ‘gaussian’
    sparse.sglmm: no visible global function definition for ‘glm’
    sparse.sglmm: no visible global function definition for ‘weights’
    sparse.sglmm: no visible global function definition for
     ‘model.response’
    sparse.sglmm: no visible global function definition for ‘model.offset’
    sparse.sglmm: no visible global function definition for ‘model.matrix’
    sparse.sglmm: no visible global function definition for ‘flush.console’
    sparse.sglmm: no visible global function definition for ‘vcov’
    sparse.sglmm: no visible global function definition for ‘.getXlevels’
    sparse.sglmm.fit.binomial: no visible global function definition for
     ‘rnorm’
    sparse.sglmm.fit.binomial: no visible global function definition for
     ‘runif’
    sparse.sglmm.fit.binomial: no visible global function definition for
     ‘rgamma’
    sparse.sglmm.fit.binomial: no visible global function definition for
     ‘dbinom’
    sparse.sglmm.fit.gaussian: no visible global function definition for
     ‘rnorm’
    sparse.sglmm.fit.gaussian: no visible global function definition for
     ‘rgamma’
    sparse.sglmm.fit.gaussian: no visible global function definition for
     ‘dnorm’
    sparse.sglmm.fit.poisson: no visible global function definition for
     ‘rnorm’
    sparse.sglmm.fit.poisson: no visible global function definition for
     ‘runif’
    sparse.sglmm.fit.poisson: no visible global function definition for
     ‘rgamma’
    sparse.sglmm.fit.poisson: no visible global function definition for
     ‘dpois’
    summary.autologistic: no visible global function definition for ‘qnorm’
    summary.autologistic: no visible global function definition for
     ‘quantile’
    vcov.autologistic: no visible global function definition for ‘cov’
    vcov.sparse.sglmm: no visible global function definition for ‘cov’
    Undefined global functions or variables:
     .getXlevels binomial cov dbinom dnorm dpois flush.console gaussian
     glm model.matrix model.offset model.response optim qnorm quantile
     rgamma rnorm runif vcov weights
    Consider adding
     importFrom("stats", ".getXlevels", "binomial", "cov", "dbinom",
     "dnorm", "dpois", "gaussian", "glm", "model.matrix",
     "model.offset", "model.response", "optim", "qnorm",
     "quantile", "rgamma", "rnorm", "runif", "vcov", "weights")
     importFrom("utils", "flush.console")
    to your NAMESPACE.
Flavors: r-devel-linux-x86_64-debian-gcc, r-devel-linux-x86_64-fedora-clang, r-devel-linux-x86_64-fedora-gcc, r-devel-windows-ix86+x86_64