CRAN Package Check Results for Package odeintr

Last updated on 2015-12-29 00:46:49.

Flavor Version Tinstall Tcheck Ttotal Status Flags
r-devel-linux-x86_64-debian-gcc 1.3 15.76 10.66 26.42 NOTE
r-devel-linux-x86_64-fedora-clang 1.3 56.37 NOTE
r-devel-linux-x86_64-fedora-gcc 1.3 54.38 NOTE
r-devel-osx-x86_64-clang 1.3 50.20 OK
r-devel-windows-ix86+x86_64 1.3 10.00 3.00 13.00 ERROR
r-patched-linux-x86_64 1.3 15.58 11.64 27.22 OK
r-patched-solaris-sparc 1.3 319.50 OK
r-patched-solaris-x86 1.3 67.70 OK
r-release-linux-x86_64 1.3 15.72 11.98 27.70 OK
r-release-osx-x86_64-mavericks 1.3 WARN
r-release-windows-ix86+x86_64 1.3 28.00 2.00 30.00 ERROR
r-oldrel-windows-ix86+x86_64 1.3 31.00 2.00 33.00 ERROR

Check Details

Version: 1.3
Check: R code for possible problems
Result: NOTE
    Jacobian1: no visible global function definition for ā€˜Dā€™
    Jacobian2 : g: no visible global function definition for ā€˜Dā€™
    Undefined global functions or variables:
     D
    Consider adding
     importFrom("stats", "D")
    to your NAMESPACE.
Flavors: r-devel-linux-x86_64-debian-gcc, r-devel-linux-x86_64-fedora-clang, r-devel-linux-x86_64-fedora-gcc

Version: 1.3
Check: whether package can be installed
Result: ERROR
    Installation failed.
Flavors: r-devel-windows-ix86+x86_64, r-release-windows-ix86+x86_64, r-oldrel-windows-ix86+x86_64

Version: 1.3
Check: whether package can be installed
Result: WARN
    Found the following significant warnings:
     /Builds/CRAN-QA-Simon/packages/mavericks-x86_64/Rlib/3.2/BH/include/boost/fusion/sequence.hpp:7:2: warning: 'FUSION_SEQUENCE_10022005_0559' is used as a header guard here, followed by #define of a different macro [-Wheader-guard]
     /Builds/CRAN-QA-Simon/packages/mavericks-x86_64/Rlib/3.2/BH/include/boost/math/special_functions/detail/lanczos_sse2.hpp:54:4: warning: 'register' storage class specifier is deprecated [-Wdeprecated-register]
     /Builds/CRAN-QA-Simon/packages/mavericks-x86_64/Rlib/3.2/BH/include/boost/math/special_functions/detail/lanczos_sse2.hpp:55:4: warning: 'register' storage class specifier is deprecated [-Wdeprecated-register]
     /Builds/CRAN-QA-Simon/packages/mavericks-x86_64/Rlib/3.2/BH/include/boost/math/special_functions/detail/lanczos_sse2.hpp:56:4: warning: 'register' storage class specifier is deprecated [-Wdeprecated-register]
     /Builds/CRAN-QA-Simon/packages/mavericks-x86_64/Rlib/3.2/BH/include/boost/math/special_functions/detail/lanczos_sse2.hpp:57:4: warning: 'register' storage class specifier is deprecated [-Wdeprecated-register]
     /Builds/CRAN-QA-Simon/packages/mavericks-x86_64/Rlib/3.2/BH/include/boost/math/special_functions/detail/lanczos_sse2.hpp:58:4: warning: 'register' storage class specifier is deprecated [-Wdeprecated-register]
     /Builds/CRAN-QA-Simon/packages/mavericks-x86_64/Rlib/3.2/BH/include/boost/math/special_functions/detail/lanczos_sse2.hpp:139:4: warning: 'register' storage class specifier is deprecated [-Wdeprecated-register]
     /Builds/CRAN-QA-Simon/packages/mavericks-x86_64/Rlib/3.2/BH/include/boost/math/special_functions/detail/lanczos_sse2.hpp:140:4: warning: 'register' storage class specifier is deprecated [-Wdeprecated-register]
     /Builds/CRAN-QA-Simon/packages/mavericks-x86_64/Rlib/3.2/BH/include/boost/math/special_functions/detail/lanczos_sse2.hpp:141:4: warning: 'register' storage class specifier is deprecated [-Wdeprecated-register]
     /Builds/CRAN-QA-Simon/packages/mavericks-x86_64/Rlib/3.2/BH/include/boost/math/special_functions/detail/lanczos_sse2.hpp:142:4: warning: 'register' storage class specifier is deprecated [-Wdeprecated-register]
     /Builds/CRAN-QA-Simon/packages/mavericks-x86_64/Rlib/3.2/BH/include/boost/math/special_functions/detail/lanczos_sse2.hpp:143:4: warning: 'register' storage class specifier is deprecated [-Wdeprecated-register]
Flavor: r-release-osx-x86_64-mavericks