CRAN Package Check Results for Package optimsimplex

Last updated on 2015-12-29 00:46:49.

Flavor Version Tinstall Tcheck Ttotal Status Flags
r-devel-linux-x86_64-debian-gcc 1.0-5 2.57 34.72 37.29 NOTE
r-devel-linux-x86_64-fedora-clang 1.0-5 77.75 NOTE
r-devel-linux-x86_64-fedora-gcc 1.0-5 74.47 NOTE
r-devel-osx-x86_64-clang 1.0-5 83.55 OK
r-devel-windows-ix86+x86_64 1.0-5 7.00 65.00 72.00 NOTE
r-patched-linux-x86_64 1.0-5 2.70 37.12 39.82 OK
r-patched-solaris-sparc 1.0-5 471.60 OK
r-patched-solaris-x86 1.0-5 111.80 OK
r-release-linux-x86_64 1.0-5 2.68 37.68 40.35 OK
r-release-osx-x86_64-mavericks 1.0-5 OK
r-release-windows-ix86+x86_64 1.0-5 10.00 65.00 75.00 OK
r-oldrel-windows-ix86+x86_64 1.0-5 13.00 77.00 90.00 OK

Check Details

Version: 1.0-5
Check: R code for possible problems
Result: NOTE
    optimsimplex: no visible global function definition for ‘runif’
    optimsimplex.fvvariance: no visible global function definition for
     ‘var’
    Undefined global functions or variables:
     runif var
    Consider adding
     importFrom("stats", "runif", "var")
    to your NAMESPACE.
Flavors: r-devel-linux-x86_64-debian-gcc, r-devel-linux-x86_64-fedora-clang, r-devel-linux-x86_64-fedora-gcc, r-devel-windows-ix86+x86_64