Last updated on 2015-12-29 00:46:50.
Flavor | Version | Tinstall | Tcheck | Ttotal | Status | Flags |
---|---|---|---|---|---|---|
r-devel-linux-x86_64-debian-gcc | 0.2.3 | 0.58 | 10.06 | 10.64 | OK | |
r-devel-linux-x86_64-fedora-clang | 0.2.3 | 21.18 | OK | |||
r-devel-linux-x86_64-fedora-gcc | 0.2.3 | 20.20 | OK | |||
r-devel-osx-x86_64-clang | 0.2.3 | 26.28 | OK | |||
r-devel-windows-ix86+x86_64 | 0.2.3 | 2.00 | 36.00 | 38.00 | NOTE | |
r-patched-linux-x86_64 | 0.2.3 | 0.58 | 10.94 | 11.52 | OK | |
r-patched-solaris-sparc | 0.2.3 | 137.00 | OK | |||
r-patched-solaris-x86 | 0.2.3 | 34.90 | OK | |||
r-release-linux-x86_64 | 0.2.3 | 0.58 | 11.10 | 11.68 | OK | |
r-release-osx-x86_64-mavericks | 0.2.3 | OK | ||||
r-release-windows-ix86+x86_64 | 0.2.3 | 3.00 | 22.00 | 25.00 | NOTE | |
r-oldrel-windows-ix86+x86_64 | 0.2.3 | 4.00 | 26.00 | 30.00 | NOTE |
Version: 0.2.3
Check: package dependencies
Result: NOTE
Package suggested but not available for checking: 'doMC'
Flavors: r-devel-windows-ix86+x86_64, r-release-windows-ix86+x86_64, r-oldrel-windows-ix86+x86_64