Last updated on 2015-12-29 00:46:50.
Flavor | Version | Tinstall | Tcheck | Ttotal | Status | Flags |
---|---|---|---|---|---|---|
r-devel-linux-x86_64-debian-gcc | 1.0-25 | 4.35 | 71.83 | 76.18 | OK | |
r-devel-linux-x86_64-fedora-clang | 1.0-25 | 157.63 | OK | |||
r-devel-linux-x86_64-fedora-gcc | 1.0-25 | 150.92 | OK | |||
r-devel-osx-x86_64-clang | 1.0-25 | 168.11 | OK | |||
r-devel-windows-ix86+x86_64 | 1.0-25 | 24.00 | 182.00 | 206.00 | OK | |
r-patched-linux-x86_64 | 1.0-25 | 4.58 | 77.54 | 82.12 | OK | |
r-patched-solaris-sparc | 1.0-25 | 1006.80 | OK | |||
r-patched-solaris-x86 | 1.0-25 | 216.00 | OK | |||
r-release-linux-x86_64 | 1.0-25 | 4.52 | 75.30 | 79.81 | OK | |
r-release-osx-x86_64-mavericks | 1.0-25 | NOTE | ||||
r-release-windows-ix86+x86_64 | 1.0-25 | 33.00 | 200.00 | 233.00 | OK | |
r-oldrel-windows-ix86+x86_64 | 1.0-25 | 38.00 | 322.00 | 360.00 | OK |
Version: 1.0-25
Check: re-building of vignette outputs
Result: NOTE
Error in re-building vignettes:
...
Loading required package: coin
Loading required package: survival
Error in texi2dvi(file = file, pdf = TRUE, clean = clean, quiet = quiet, :
Running 'texi2dvi' on 'party.tex' failed.
LaTeX errors:
! Undefined control sequence.
l.18 !8<e7>hV*<95>p]<ad>V?<ff><fc><f3><f9><f9><f9>R<a9><84>^^A<a5>^^X<ed>v<fb><f2><e5><cb>B^^H!D<b9>\<fe>
<f2><cb>/?<f9><e4><93>J<a5>r<e3><c6>
The control sequence at the end of the top line
of your error message was never \def'ed. If you have
! LaTeX Error: Missing \begin{document}.
See the LaTeX manual or LaTeX Companion for explanation.
Type H <return> for immediate help.
...
! Extra }, or forgotten \endgroup.
l.19 ...^Uc,^^H^^B<c3>0<a0><<e7><e6><e6>*<95><ca><f8><f8><f8>G^^_}<d4>^^Oϧ|<ef><8d>}<f6><d9>g}
6<c5><fb>^^SB<f8><be><df>n<b7><a1>֛<cd>f*<95><8a><e3>xcc<a3><db>...
I've deleted a group-closing symbol because it seems to be
spurious, as in `$x}$'. But perhaps the } is legitimate and
! Missing $ inserted.
<inserted text>
Calls: buildVignettes -> texi2pdf -> texi2dvi
Execution halted
Flavor: r-release-osx-x86_64-mavericks