CRAN Package Check Results for Package pbo

Last updated on 2015-12-29 00:46:50.

Flavor Version Tinstall Tcheck Ttotal Status Flags
r-devel-linux-x86_64-debian-gcc 1.3.4 0.71 19.03 19.74 NOTE
r-devel-linux-x86_64-fedora-clang 1.3.4 29.86 NOTE
r-devel-linux-x86_64-fedora-gcc 1.3.4 29.01 NOTE
r-devel-osx-x86_64-clang 1.3.4 41.18 NOTE
r-devel-windows-ix86+x86_64 1.3.4 3.00 35.00 38.00 NOTE
r-patched-linux-x86_64 1.3.4 0.78 18.90 19.68 NOTE
r-patched-solaris-sparc 1.3.4 238.20 NOTE
r-patched-solaris-x86 1.3.4 57.10 NOTE
r-release-linux-x86_64 1.3.4 0.73 19.46 20.19 NOTE
r-release-osx-x86_64-mavericks 1.3.4 NOTE
r-release-windows-ix86+x86_64 1.3.4 5.00 58.00 63.00 NOTE
r-oldrel-windows-ix86+x86_64 1.3.4 6.00 54.00 60.00 NOTE

Check Details

Version: 1.3.4
Check: dependencies in R code
Result: NOTE
    'library' or 'require' call to ‘foreach’ in package code.
     Please use :: or requireNamespace() instead.
     See section 'Suggested packages' in the 'Writing R Extensions' manual.
Flavors: r-devel-linux-x86_64-debian-gcc, r-devel-linux-x86_64-fedora-clang, r-devel-linux-x86_64-fedora-gcc, r-devel-osx-x86_64-clang, r-devel-windows-ix86+x86_64, r-patched-linux-x86_64, r-patched-solaris-sparc, r-patched-solaris-x86, r-release-linux-x86_64, r-release-osx-x86_64-mavericks, r-release-windows-ix86+x86_64, r-oldrel-windows-ix86+x86_64

Version: 1.3.4
Check: R code for possible problems
Result: NOTE
    dotplot.pbo: no visible global function definition for ‘reorder’
    pbo: no visible global function definition for ‘%dopar%’
    pbo: no visible global function definition for ‘foreach’
    pbo: no visible global function definition for ‘lm’
    xyplot.pbo: no visible global function definition for ‘ecdf’
    xyplot.pbo: no visible global function definition for ‘doubleYScale’
    xyplot.pbo: no visible global function definition for ‘reorder’
    Undefined global functions or variables:
     %dopar% doubleYScale ecdf foreach lm reorder
    Consider adding
     importFrom("stats", "ecdf", "lm", "reorder")
    to your NAMESPACE.
Flavors: r-devel-linux-x86_64-debian-gcc, r-devel-linux-x86_64-fedora-clang, r-devel-linux-x86_64-fedora-gcc, r-devel-windows-ix86+x86_64

Version: 1.3.4
Check: R code for possible problems
Result: NOTE
    pbo: no visible global function definition for ‘%dopar%’
    pbo: no visible global function definition for ‘foreach’
    xyplot.pbo: no visible global function definition for ‘doubleYScale’
    Undefined global functions or variables:
     %dopar% doubleYScale foreach
Flavor: r-devel-osx-x86_64-clang

Version: 1.3.4
Check: R code for possible problems
Result: NOTE
    pbo: no visible global function definition for ‘%dopar%’
    pbo: no visible global function definition for ‘foreach’
    xyplot.pbo: no visible global function definition for ‘doubleYScale’
Flavors: r-patched-linux-x86_64, r-patched-solaris-sparc, r-patched-solaris-x86, r-release-linux-x86_64, r-release-osx-x86_64-mavericks, r-release-windows-ix86+x86_64, r-oldrel-windows-ix86+x86_64