CRAN Package Check Results for Package pendensity

Last updated on 2015-12-29 00:46:50.

Flavor Version Tinstall Tcheck Ttotal Status Flags
r-devel-linux-x86_64-debian-gcc 0.2.8 3.22 56.83 60.05 NOTE
r-devel-linux-x86_64-fedora-clang 0.2.8 122.11 NOTE
r-devel-linux-x86_64-fedora-gcc 0.2.8 116.68 NOTE
r-devel-osx-x86_64-clang 0.2.8 125.36 OK
r-devel-windows-ix86+x86_64 0.2.8 7.00 95.00 102.00 NOTE
r-patched-linux-x86_64 0.2.8 2.83 61.46 64.29 OK
r-patched-solaris-sparc 0.2.8 819.40 OK
r-patched-solaris-x86 0.2.8 165.60 OK
r-release-linux-x86_64 0.2.8 2.98 58.93 61.92 OK
r-release-osx-x86_64-mavericks 0.2.8 OK
r-release-windows-ix86+x86_64 0.2.8 11.00 97.00 108.00 OK
r-oldrel-windows-ix86+x86_64 0.2.8 14.00 116.00 130.00 OK

Check Details

Version: 0.2.8
Check: R code for possible problems
Result: NOTE
    pendenForm: no visible global function definition for ‘contrasts’
    pendensity : <anonymous>: no visible global function definition for
     ‘dnorm’
    plot.pendensity : <anonymous>: no visible global function definition
     for ‘dnorm’
    plot.pendensity: no visible global function definition for ‘density’
    plot.pendensity: no visible global function definition for ‘plot’
    plot.pendensity: no visible global function definition for ‘dnorm’
    plot.pendensity: no visible global function definition for ‘lines’
    plot.pendensity: no visible global function definition for ‘legend’
    plot.pendensity: no visible global function definition for ‘points’
    plot.pendensity: no visible global function definition for ‘par’
    test.equal: no visible global function definition for ‘rnorm’
    Undefined global functions or variables:
     contrasts density dnorm legend lines par plot points rnorm
    Consider adding
     importFrom("graphics", "legend", "lines", "par", "plot", "points")
     importFrom("stats", "contrasts", "density", "dnorm", "rnorm")
    to your NAMESPACE.
Flavors: r-devel-linux-x86_64-debian-gcc, r-devel-linux-x86_64-fedora-clang, r-devel-linux-x86_64-fedora-gcc, r-devel-windows-ix86+x86_64