Last updated on 2015-12-29 00:46:51.
Flavor | Version | Tinstall | Tcheck | Ttotal | Status | Flags |
---|---|---|---|---|---|---|
r-devel-linux-x86_64-debian-gcc | 1.8.2 | 4.14 | 41.89 | 46.03 | NOTE | |
r-devel-linux-x86_64-fedora-clang | 1.8.2 | 98.13 | NOTE | |||
r-devel-linux-x86_64-fedora-gcc | 1.8.2 | 94.61 | NOTE | |||
r-devel-osx-x86_64-clang | 1.8.2 | 105.33 | NOTE | |||
r-devel-windows-ix86+x86_64 | 1.8.2 | 13.00 | 76.00 | 89.00 | OK | |
r-patched-linux-x86_64 | 1.8.2 | 4.44 | 44.11 | 48.56 | NOTE | |
r-patched-solaris-sparc | 1.8.2 | 621.60 | NOTE | |||
r-patched-solaris-x86 | 1.8.2 | 152.50 | NOTE | |||
r-release-linux-x86_64 | 1.8.2 | 9.12 | 43.72 | 52.84 | NOTE | |
r-release-osx-x86_64-mavericks | 1.8.2 | OK | ||||
r-release-windows-ix86+x86_64 | 1.8.2 | 16.00 | 116.00 | 132.00 | OK | |
r-oldrel-windows-ix86+x86_64 | 1.8.2 | 27.00 | 104.00 | 131.00 | OK |
Version: 1.8.2
Check: package dependencies
Result: NOTE
Package suggested but not available for checking: ‘ggsubplot’
Flavors: r-devel-linux-x86_64-debian-gcc, r-devel-linux-x86_64-fedora-clang, r-devel-linux-x86_64-fedora-gcc, r-devel-osx-x86_64-clang, r-patched-linux-x86_64, r-patched-solaris-sparc, r-patched-solaris-x86, r-release-linux-x86_64