CRAN Package Check Results for Package planar

Last updated on 2015-12-29 00:46:51.

Flavor Version Tinstall Tcheck Ttotal Status Flags
r-devel-linux-x86_64-debian-gcc 1.5.2 30.16 20.00 50.16 NOTE
r-devel-linux-x86_64-fedora-clang 1.5.2 109.44 NOTE
r-devel-linux-x86_64-fedora-gcc 1.5.2 99.32 NOTE
r-devel-osx-x86_64-clang 1.5.2 100.51 NOTE
r-devel-windows-ix86+x86_64 1.5.2 88.00 53.00 141.00 NOTE
r-patched-linux-x86_64 1.5.2 29.90 20.88 50.78 NOTE
r-patched-solaris-sparc 1.5.2 590.90 NOTE
r-patched-solaris-x86 1.5.2 123.80 NOTE
r-release-linux-x86_64 1.5.2 29.44 20.73 50.17 NOTE
r-release-osx-x86_64-mavericks 1.5.2 NOTE
r-release-windows-ix86+x86_64 1.5.2 109.00 61.00 170.00 NOTE
r-oldrel-windows-ix86+x86_64 1.5.2 114.00 75.00 189.00 NOTE

Check Details

Version: 1.5.2
Check: installed package size
Result: NOTE
     installed size is 5.2Mb
     sub-directories of 1Mb or more:
     libs 4.7Mb
Flavors: r-devel-linux-x86_64-debian-gcc, r-devel-linux-x86_64-fedora-clang, r-devel-linux-x86_64-fedora-gcc, r-patched-linux-x86_64, r-release-linux-x86_64, r-release-osx-x86_64-mavericks

Version: 1.5.2
Check: for GNU extensions in Makefiles
Result: NOTE
    GNU make is a SystemRequirements.
Flavors: r-devel-linux-x86_64-debian-gcc, r-devel-linux-x86_64-fedora-clang, r-devel-linux-x86_64-fedora-gcc, r-devel-osx-x86_64-clang, r-devel-windows-ix86+x86_64, r-patched-linux-x86_64, r-patched-solaris-sparc, r-patched-solaris-x86, r-release-linux-x86_64, r-release-osx-x86_64-mavericks, r-release-windows-ix86+x86_64, r-oldrel-windows-ix86+x86_64

Version: 1.5.2
Check: re-building of vignette outputs
Result: NOTE
    Error in re-building vignettes:
     ...
    Loading required package: dielectric
    Quitting from lines 137-177 (gaussian.Rmd)
    Error: processing vignette ‘gaussian.Rmd’ failed with diagnostics:
    geom_vline requires the following missing aesthetics: xintercept
    Execution halted
Flavors: r-devel-linux-x86_64-debian-gcc, r-devel-linux-x86_64-fedora-clang, r-devel-linux-x86_64-fedora-gcc, r-devel-osx-x86_64-clang, r-devel-windows-ix86+x86_64, r-patched-linux-x86_64, r-patched-solaris-sparc, r-patched-solaris-x86, r-release-linux-x86_64, r-release-windows-ix86+x86_64, r-oldrel-windows-ix86+x86_64