Last updated on 2015-12-29 00:46:55.
Flavor | Version | Tinstall | Tcheck | Ttotal | Status | Flags |
---|---|---|---|---|---|---|
r-devel-linux-x86_64-debian-gcc | 0.94 | 0.68 | 7.92 | 8.60 | NOTE | |
r-devel-linux-x86_64-fedora-clang | 0.94 | 16.63 | NOTE | |||
r-devel-linux-x86_64-fedora-gcc | 0.94 | 15.11 | NOTE | |||
r-devel-osx-x86_64-clang | 0.94 | 18.98 | NOTE | |||
r-devel-windows-ix86+x86_64 | 0.94 | 4.00 | 19.00 | 23.00 | NOTE | |
r-patched-linux-x86_64 | 0.94 | 0.57 | 8.46 | 9.03 | NOTE | |
r-patched-solaris-sparc | 0.94 | 103.00 | NOTE | |||
r-patched-solaris-x86 | 0.94 | 22.50 | NOTE | |||
r-release-linux-x86_64 | 0.94 | 0.63 | 8.30 | 8.92 | NOTE | |
r-release-osx-x86_64-mavericks | 0.94 | NOTE | ||||
r-release-windows-ix86+x86_64 | 0.94 | 3.00 | 17.00 | 20.00 | NOTE | |
r-oldrel-windows-ix86+x86_64 | 0.94 | 4.00 | 18.00 | 22.00 | NOTE |
Version: 0.94
Check: R code for possible problems
Result: NOTE
pps1: no visible global function definition for ‘runif’
ppss: no visible global function definition for ‘runif’
ppswr: no visible global function definition for ‘runif’
Undefined global functions or variables:
runif
Consider adding
importFrom("stats", "runif")
to your NAMESPACE.
Flavors: r-devel-linux-x86_64-debian-gcc, r-devel-linux-x86_64-fedora-clang, r-devel-linux-x86_64-fedora-gcc, r-devel-windows-ix86+x86_64
Version: 0.94
Check: Rd files
Result: NOTE
prepare_Rd: calif.Rd:5-6: Dropping empty section \arguments
prepare_Rd: calif.Rd:8-9: Dropping empty section \examples
prepare_Rd: califcty.Rd:5-6: Dropping empty section \arguments
prepare_Rd: califcty.Rd:8-9: Dropping empty section \examples
prepare_Rd: sizesok.Rd:12-13: Dropping empty section \examples
prepare_Rd: stratumsizes.Rd:11-12: Dropping empty section \examples
Flavors: r-devel-linux-x86_64-debian-gcc, r-devel-linux-x86_64-fedora-clang, r-devel-linux-x86_64-fedora-gcc, r-devel-osx-x86_64-clang, r-devel-windows-ix86+x86_64, r-patched-linux-x86_64, r-patched-solaris-sparc, r-patched-solaris-x86, r-release-linux-x86_64, r-release-osx-x86_64-mavericks, r-release-windows-ix86+x86_64, r-oldrel-windows-ix86+x86_64