Last updated on 2015-12-29 00:46:55.
Flavor | Version | Tinstall | Tcheck | Ttotal | Status | Flags |
---|---|---|---|---|---|---|
r-devel-linux-x86_64-debian-gcc | 0.9.5 | 2.82 | 52.08 | 54.90 | OK | |
r-devel-linux-x86_64-fedora-clang | 0.9.5 | 113.14 | NOTE | |||
r-devel-linux-x86_64-fedora-gcc | 0.9.5 | 110.83 | NOTE | |||
r-devel-osx-x86_64-clang | 0.9.5 | 120.31 | NOTE | |||
r-devel-windows-ix86+x86_64 | 0.9.5 | 7.00 | 131.00 | 138.00 | OK | |
r-patched-linux-x86_64 | 0.9.5 | 3.04 | 56.99 | 60.03 | NOTE | |
r-patched-solaris-sparc | 0.9.5 | 695.50 | NOTE | |||
r-patched-solaris-x86 | 0.9.5 | 167.90 | NOTE | |||
r-release-linux-x86_64 | 0.9.5 | 2.86 | 56.55 | 59.41 | NOTE | |
r-release-osx-x86_64-mavericks | 0.9.5 | NOTE | ||||
r-release-windows-ix86+x86_64 | 0.9.5 | 10.00 | 104.00 | 114.00 | NOTE | |
r-oldrel-windows-ix86+x86_64 | 0.9.5 | 15.00 | 111.00 | 126.00 | NOTE |
Version: 0.9.5
Check: data for non-ASCII characters
Result: NOTE
Note: found 76102 marked UTF-8 strings
Flavors: r-devel-linux-x86_64-fedora-clang, r-devel-linux-x86_64-fedora-gcc, r-devel-osx-x86_64-clang, r-patched-linux-x86_64, r-patched-solaris-sparc, r-patched-solaris-x86, r-release-linux-x86_64, r-release-osx-x86_64-mavericks, r-release-windows-ix86+x86_64, r-oldrel-windows-ix86+x86_64