Last updated on 2015-12-29 00:46:55.
Flavor | Version | Tinstall | Tcheck | Ttotal | Status | Flags |
---|---|---|---|---|---|---|
r-devel-linux-x86_64-debian-gcc | 1.0 | 3.49 | 38.52 | 42.01 | NOTE | |
r-devel-linux-x86_64-fedora-clang | 1.0 | 83.32 | NOTE | |||
r-devel-linux-x86_64-fedora-gcc | 1.0 | 83.21 | NOTE | |||
r-devel-osx-x86_64-clang | 1.0 | 92.08 | OK | |||
r-devel-windows-ix86+x86_64 | 1.0 | 9.00 | 66.00 | 75.00 | NOTE | |
r-patched-linux-x86_64 | 1.0 | 3.51 | 40.38 | 43.89 | OK | |
r-patched-solaris-sparc | 1.0 | 562.90 | OK | |||
r-patched-solaris-x86 | 1.0 | 129.80 | OK | |||
r-release-linux-x86_64 | 1.0 | 3.32 | 41.04 | 44.36 | OK | |
r-release-osx-x86_64-mavericks | 1.0 | NOTE | ||||
r-release-windows-ix86+x86_64 | 1.0 | 12.00 | 71.00 | 83.00 | OK | |
r-oldrel-windows-ix86+x86_64 | 1.0 | 18.00 | 87.00 | 105.00 | OK |
Version: 1.0
Check: R code for possible problems
Result: NOTE
MHbi2: no visible global function definition for ‘runif’
QRNLMM: no visible global function definition for ‘optim’
QRNLMM: no visible global function definition for ‘par’
QRNLMM: no visible global function definition for ‘plot.ts’
QRNLMM: no visible global function definition for ‘abline’
QRNLMM: no visible global function definition for ‘qnorm’
QRNLMM: no visible global function definition for ‘plot’
QRNLMM: no visible global function definition for ‘axis’
QRNLMM: no visible global function definition for ‘polygon’
QRNLMM: no visible global function definition for ‘lines’
QRNLMM: no visible global function definition for ‘smooth.spline’
QRNLMM: no visible global function definition for ‘title’
QSAEM_NL: no visible global function definition for ‘pnorm’
group.lines: no visible global function definition for ‘matlines’
group.plot: no visible global function definition for ‘matplot’
group.points: no visible global function definition for ‘matpoints’
Undefined global functions or variables:
abline axis lines matlines matplot matpoints optim par plot plot.ts
pnorm polygon qnorm runif smooth.spline title
Consider adding
importFrom("graphics", "abline", "axis", "lines", "matlines",
"matplot", "matpoints", "par", "plot", "polygon", "title")
importFrom("stats", "optim", "plot.ts", "pnorm", "qnorm", "runif",
"smooth.spline")
to your NAMESPACE.
Flavors: r-devel-linux-x86_64-debian-gcc, r-devel-linux-x86_64-fedora-clang, r-devel-linux-x86_64-fedora-gcc, r-devel-windows-ix86+x86_64
Version: 1.0
Check: Rd cross-references
Result: NOTE
Package unavailable to check Rd xrefs: ‘qrLMM’
Flavor: r-release-osx-x86_64-mavericks