CRAN Package Check Results for Package qtl

Last updated on 2015-12-29 00:46:55.

Flavor Version Tinstall Tcheck Ttotal Status Flags
r-devel-linux-x86_64-debian-gcc 1.38-4 18.62 212.86 231.48 NOTE
r-devel-linux-x86_64-fedora-clang 1.38-4 447.60 NOTE
r-devel-linux-x86_64-fedora-gcc 1.38-4 427.64 NOTE
r-devel-osx-x86_64-clang 1.38-4 426.64 NOTE
r-devel-windows-ix86+x86_64 1.38-4 103.00 494.00 597.00 NOTE
r-patched-linux-x86_64 1.38-4 19.38 220.58 239.96 NOTE
r-patched-solaris-sparc 1.38-4 2555.80 NOTE
r-patched-solaris-x86 1.38-4 507.50 NOTE
r-release-linux-x86_64 1.38-4 21.23 223.80 245.03 NOTE
r-release-osx-x86_64-mavericks 1.38-4 NOTE
r-release-windows-ix86+x86_64 1.38-4 131.00 482.00 613.00 NOTE
r-oldrel-windows-ix86+x86_64 1.38-4 130.00 502.00 632.00 NOTE

Check Details

Version: 1.38-4
Check: installed package size
Result: NOTE
     installed size is 10.6Mb
     sub-directories of 1Mb or more:
     contrib 3.8Mb
     doc 3.7Mb
     libs 1.2Mb
Flavors: r-devel-linux-x86_64-debian-gcc, r-devel-linux-x86_64-fedora-clang, r-devel-linux-x86_64-fedora-gcc, r-devel-osx-x86_64-clang, r-devel-windows-ix86+x86_64, r-patched-linux-x86_64, r-patched-solaris-sparc, r-patched-solaris-x86, r-release-linux-x86_64, r-release-osx-x86_64-mavericks, r-release-windows-ix86+x86_64, r-oldrel-windows-ix86+x86_64

Version: 1.38-4
Check: S3 generic/method consistency
Result: NOTE
    Found the following apparent S3 methods exported but not registered:
     plot.errorlod plot.geno plot.info plot.missing plot.pheno plot.pxg
     plot.rf
    See section ‘Registering S3 methods’ in the ‘Writing R Extensions’
    manual.
Flavors: r-devel-linux-x86_64-debian-gcc, r-devel-linux-x86_64-fedora-clang, r-devel-linux-x86_64-fedora-gcc, r-devel-osx-x86_64-clang, r-patched-linux-x86_64, r-patched-solaris-sparc, r-patched-solaris-x86, r-release-linux-x86_64