CRAN Package Check Results for Package quanteda

Last updated on 2015-12-29 00:46:55.

Flavor Version Tinstall Tcheck Ttotal Status Flags
r-devel-linux-x86_64-debian-gcc 0.9.0-1 18.14 110.17 128.32 OK
r-devel-linux-x86_64-fedora-clang 0.9.0-1 256.79 NOTE
r-devel-linux-x86_64-fedora-gcc 0.9.0-1 256.26 NOTE
r-devel-osx-x86_64-clang 0.9.0-1 262.06 NOTE
r-devel-windows-ix86+x86_64 0.9.0-1 56.00 260.00 316.00 OK
r-patched-linux-x86_64 0.9.0-1 18.04 111.85 129.89 NOTE
r-patched-solaris-sparc 0.9.0-1 1579.20 NOTE
r-patched-solaris-x86 0.9.0-1 319.30 NOTE
r-release-linux-x86_64 0.9.0-1 18.11 112.64 130.75 NOTE
r-release-osx-x86_64-mavericks 0.9.0-1 NOTE
r-release-windows-ix86+x86_64 0.9.0-1 75.00 338.00 413.00 NOTE
r-oldrel-windows-ix86+x86_64 0.8.0-3 63.00 137.00 200.00 ERROR

Check Details

Version: 0.9.0-1
Check: data for non-ASCII characters
Result: NOTE
     Note: found 1 marked Latin-1 string
     Note: found 750 marked UTF-8 strings
     Note: found 7 strings marked as "bytes"
Flavors: r-devel-linux-x86_64-fedora-clang, r-devel-linux-x86_64-fedora-gcc, r-devel-osx-x86_64-clang, r-patched-linux-x86_64, r-patched-solaris-sparc, r-patched-solaris-x86, r-release-linux-x86_64, r-release-osx-x86_64-mavericks, r-release-windows-ix86+x86_64

Version: 0.8.0-3
Check: R code for possible problems
Result: NOTE
    nsentence.character: no visible global function definition for
     'lengths'
    readability.character: no visible global function definition for
     'lengths'
    syllables.tokenizedTexts: no visible global function definition for
     'lengths'
Flavor: r-oldrel-windows-ix86+x86_64

Version: 0.8.0-3
Check: data for non-ASCII characters
Result: NOTE
     Note: found 1 marked Latin-1 string
     Note: found 750 marked UTF-8 strings
     Note: found 7 strings marked as "bytes"
Flavor: r-oldrel-windows-ix86+x86_64

Version: 0.8.0-3
Check: running examples for arch ‘i386’
Result: ERROR
    Running examples in 'quanteda-Ex.R' failed
    The error most likely occurred in:
    
    > ### Name: encodedTexts
    > ### Title: encoded texts for testing
    > ### Aliases: encodedTexts
    >
    > ### ** Examples
    >
    > Encoding(encodedTexts)
     [1] "UTF-8" "latin1" "bytes" "bytes" "bytes" "bytes" "bytes"
     [8] "bytes" "bytes" "unknown"
    > data.frame(labelled = names(encodedTexts), detected = encoding(encodedTexts)$all)
    Probable encoding: UTF-8 (but other encodings also detected)
     Encoding proportions: [****************--------........~~~~~~~aaaaaaabbbbbcccccddddd]
     Samples of the first text as:
     [*] UTF-8 <c2><93>8-bit<c2><94> o<c2><9c>ncodings are passé. <c2><80>0. Hyphen-ate. Tilde ~ em das
     [-] windows-1252 â<c2><80><c2><9c>8-bitâ<c2><80><c2><9d> oÅ<c2><93>ncodings are passé. â<c2><82>¬0. Hyphen-ate. Tilde
     [.] ISO-8859-6
Flavor: r-oldrel-windows-ix86+x86_64

Version: 0.8.0-3
Check: running examples for arch ‘x64’
Result: ERROR
    Running examples in 'quanteda-Ex.R' failed
    The error most likely occurred in:
    
    > ### Name: encodedTexts
    > ### Title: encoded texts for testing
    > ### Aliases: encodedTexts
    >
    > ### ** Examples
    >
    > Encoding(encodedTexts)
     [1] "UTF-8" "latin1" "bytes" "bytes" "bytes" "bytes" "bytes"
     [8] "bytes" "bytes" "unknown"
    > data.frame(labelled = names(encodedTexts), detected = encoding(encodedTexts)$all)
    Probable encoding: UTF-8 (but other encodings also detected)
     Encoding proportions: [****************--------........~~~~~~~aaaaaaabbbbbcccccddddd]
     Samples of the first text as:
     [*] UTF-8 <c2><93>8-bit<c2><94> o<c2><9c>ncodings are passé. <c2><80>0. Hyphen-ate. Tilde ~ em das
     [-] windows-1252 â<c2><80><c2><9c>8-bitâ<c2><80><c2><9d> oÅ<c2><93>ncodings are passé. â<c2><82>¬0. Hyphen-ate. Tilde
     [.] ISO-8859-6
Flavor: r-oldrel-windows-ix86+x86_64