Last updated on 2015-12-29 00:46:57.
Flavor | Version | Tinstall | Tcheck | Ttotal | Status | Flags |
---|---|---|---|---|---|---|
r-devel-linux-x86_64-debian-gcc | 1.0.12 | 0.58 | 7.55 | 8.13 | NOTE | |
r-devel-linux-x86_64-fedora-clang | 1.0.12 | 15.19 | NOTE | |||
r-devel-linux-x86_64-fedora-gcc | 1.0.12 | 14.47 | NOTE | |||
r-devel-osx-x86_64-clang | 1.0.12 | 19.09 | NOTE | |||
r-devel-windows-ix86+x86_64 | 1.0.12 | 4.00 | 20.00 | 24.00 | NOTE | |
r-patched-linux-x86_64 | 1.0.12 | 0.53 | 7.81 | 8.34 | NOTE | |
r-patched-solaris-sparc | 1.0.12 | 100.60 | NOTE | |||
r-patched-solaris-x86 | 1.0.12 | 23.00 | NOTE | |||
r-release-linux-x86_64 | 1.0.12 | 0.54 | 7.96 | 8.49 | NOTE | |
r-release-osx-x86_64-mavericks | 1.0.12 | NOTE | ||||
r-release-windows-ix86+x86_64 | 1.0.12 | 3.00 | 24.00 | 27.00 | NOTE | |
r-oldrel-windows-ix86+x86_64 | 1.0.12 | 5.00 | 19.00 | 24.00 | NOTE |
Version: 1.0.12
Check: DESCRIPTION meta-information
Result: NOTE
Malformed Title field: should not end in a period.
Flavors: r-devel-linux-x86_64-debian-gcc, r-devel-linux-x86_64-fedora-clang, r-devel-linux-x86_64-fedora-gcc, r-devel-osx-x86_64-clang, r-devel-windows-ix86+x86_64, r-patched-linux-x86_64, r-patched-solaris-sparc, r-patched-solaris-x86, r-release-linux-x86_64, r-release-osx-x86_64-mavericks, r-release-windows-ix86+x86_64
Version: 1.0.12
Check: dependencies in R code
Result: NOTE
Package in Depends field not imported from: ‘gsl’
These packages need to be imported from (in the NAMESPACE file)
for when this namespace is loaded but not attached.
Flavors: r-devel-linux-x86_64-debian-gcc, r-devel-linux-x86_64-fedora-clang, r-devel-linux-x86_64-fedora-gcc, r-devel-osx-x86_64-clang, r-devel-windows-ix86+x86_64, r-patched-linux-x86_64, r-patched-solaris-sparc, r-patched-solaris-x86, r-release-linux-x86_64, r-release-osx-x86_64-mavericks, r-release-windows-ix86+x86_64, r-oldrel-windows-ix86+x86_64
Version: 1.0.12
Check: R code for possible problems
Result: NOTE
gammaIntegral: no visible global function definition for ‘integrate’
gammaIntegral : <anonymous>: no visible global function definition for
‘hyperg_1F1’
gammaMLE: no visible global function definition for ‘weighted.mean’
gammaMME: no visible binding for global variable ‘sd’
gammaMME: no visible binding for global variable ‘var’
Undefined global functions or variables:
hyperg_1F1 integrate sd var weighted.mean
Consider adding
importFrom("stats", "integrate", "sd", "var", "weighted.mean")
to your NAMESPACE.
Flavors: r-devel-linux-x86_64-debian-gcc, r-devel-linux-x86_64-fedora-clang, r-devel-linux-x86_64-fedora-gcc, r-devel-windows-ix86+x86_64
Version: 1.0.12
Check: R code for possible problems
Result: NOTE
gammaIntegral : <anonymous>: no visible global function definition for
‘hyperg_1F1’
Undefined global functions or variables:
hyperg_1F1
Flavor: r-devel-osx-x86_64-clang
Version: 1.0.12
Check: R code for possible problems
Result: NOTE
gammaIntegral : <anonymous>: no visible global function definition for
‘hyperg_1F1’
Flavors: r-patched-linux-x86_64, r-patched-solaris-sparc, r-patched-solaris-x86, r-release-linux-x86_64, r-release-osx-x86_64-mavericks, r-release-windows-ix86+x86_64, r-oldrel-windows-ix86+x86_64