Last updated on 2015-12-29 00:46:56.
Flavor | Version | Tinstall | Tcheck | Ttotal | Status | Flags |
---|---|---|---|---|---|---|
r-devel-linux-x86_64-debian-gcc | 1.1 | 2.58 | 33.28 | 35.86 | NOTE | |
r-devel-linux-x86_64-fedora-clang | 1.1 | 73.43 | NOTE | |||
r-devel-linux-x86_64-fedora-gcc | 1.1 | 68.45 | NOTE | |||
r-devel-osx-x86_64-clang | 1.1 | 79.02 | NOTE | |||
r-devel-windows-ix86+x86_64 | 1.1 | 7.00 | 70.00 | 77.00 | NOTE | |
r-patched-linux-x86_64 | 1.1 | 2.96 | 34.10 | 37.06 | NOTE | |
r-patched-solaris-sparc | 1.1 | 448.40 | NOTE | |||
r-patched-solaris-x86 | 1.1 | 100.10 | NOTE | |||
r-release-linux-x86_64 | 1.1 | 3.62 | 34.70 | 38.31 | NOTE | |
r-release-osx-x86_64-mavericks | 1.1 | NOTE | ||||
r-release-windows-ix86+x86_64 | 1.1 | 10.00 | 59.00 | 69.00 | NOTE | |
r-oldrel-windows-ix86+x86_64 | 1.1 | 16.00 | 74.00 | 90.00 | OK |
Version: 1.1
Check: DESCRIPTION meta-information
Result: NOTE
Malformed Description field: should contain one or more complete sentences.
Flavors: r-devel-linux-x86_64-debian-gcc, r-devel-linux-x86_64-fedora-clang, r-devel-linux-x86_64-fedora-gcc, r-devel-osx-x86_64-clang, r-devel-windows-ix86+x86_64, r-patched-linux-x86_64, r-patched-solaris-sparc, r-patched-solaris-x86, r-release-linux-x86_64, r-release-osx-x86_64-mavericks, r-release-windows-ix86+x86_64
Version: 1.1
Check: R code for possible problems
Result: NOTE
BiogTest.individual: no visible global function definition for ‘combn’
BiogTest.individual: no visible global function definition for ‘runif’
BiogTest.individual: no visible global function definition for ‘rlnorm’
BiogTest.individual: no visible global function definition for
‘rnbinom’
BiogTest.sample: no visible global function definition for ‘combn’
BiogTest.sample: no visible global function definition for ‘runif’
BiogTest.sample: no visible global function definition for ‘rlnorm’
BiogTest.sample: no visible global function definition for ‘rnbinom’
BiogTest.sample: no visible global function definition for ‘aggregate’
EcoTest.individual: no visible global function definition for ‘xtabs’
plot.BiogTest: no visible global function definition for ‘quantile’
plot.BiogTest: no visible global function definition for ‘combn’
plot.EcoTest: no visible global function definition for ‘quantile’
Undefined global functions or variables:
aggregate combn quantile rlnorm rnbinom runif xtabs
Consider adding
importFrom("stats", "aggregate", "quantile", "rlnorm", "rnbinom",
"runif", "xtabs")
importFrom("utils", "combn")
to your NAMESPACE.
Flavors: r-devel-linux-x86_64-debian-gcc, r-devel-linux-x86_64-fedora-clang, r-devel-linux-x86_64-fedora-gcc, r-devel-windows-ix86+x86_64