Last updated on 2015-12-29 00:46:56.
Flavor | Version | Tinstall | Tcheck | Ttotal | Status | Flags |
---|---|---|---|---|---|---|
r-devel-linux-x86_64-debian-gcc | 2.5-2 | 43.77 | 137.60 | 181.36 | OK | |
r-devel-linux-x86_64-fedora-clang | 2.5-2 | 360.89 | OK | |||
r-devel-linux-x86_64-fedora-gcc | 2.5-2 | 333.29 | OK | |||
r-devel-osx-x86_64-clang | 2.5-2 | 373.38 | OK | |||
r-devel-windows-ix86+x86_64 | 2.5-2 | 134.00 | 258.00 | 392.00 | OK | |
r-patched-linux-x86_64 | 2.5-2 | 43.92 | 138.42 | 182.34 | OK | |
r-patched-solaris-sparc | 2.5-2 | 1899.20 | OK | |||
r-patched-solaris-x86 | 2.5-2 | 372.40 | OK | |||
r-release-linux-x86_64 | 2.5-2 | 46.88 | 137.28 | 184.16 | OK | |
r-release-osx-x86_64-mavericks | 2.5-2 | ERROR | ||||
r-release-windows-ix86+x86_64 | 2.5-2 | 175.00 | 383.00 | 558.00 | OK | |
r-oldrel-windows-ix86+x86_64 | 2.5-2 | 181.00 | 363.00 | 544.00 | NOTE |
Memtest notes: clang-UBSAN
Version: 2.5-2
Check: package dependencies
Result: ERROR
Package required and available but unsuitable version: ‘sp’
See section ‘The DESCRIPTION file’ in the ‘Writing R Extensions’
manual.
Flavor: r-release-osx-x86_64-mavericks
Version: 2.5-2
Check: package dependencies
Result: NOTE
Package suggested but not available for checking: 'ncdf4'
Flavor: r-oldrel-windows-ix86+x86_64