CRAN Package Check Results for Package relations

Last updated on 2015-12-29 00:46:57.

Flavor Version Tinstall Tcheck Ttotal Status Flags
r-devel-linux-x86_64-debian-gcc 0.6-6 1.12 35.08 36.20 OK
r-devel-linux-x86_64-fedora-clang 0.6-6 71.80 NOTE
r-devel-linux-x86_64-fedora-gcc 0.6-6 67.95 NOTE
r-devel-osx-x86_64-clang 0.6-6 82.59 NOTE
r-devel-windows-ix86+x86_64 0.6-6 4.00 78.00 82.00 NOTE
r-patched-linux-x86_64 0.6-6 1.18 37.12 38.30 OK
r-patched-solaris-sparc 0.6-6 439.30 NOTE
r-patched-solaris-x86 0.6-6 85.90 NOTE
r-release-linux-x86_64 0.6-6 1.28 37.56 38.83 OK
r-release-osx-x86_64-mavericks 0.6-6 NOTE
r-release-windows-ix86+x86_64 0.6-6 7.00 67.00 74.00 NOTE
r-oldrel-windows-ix86+x86_64 0.6-6 8.00 74.00 82.00 NOTE

Check Details

Version: 0.6-6
Check: package dependencies
Result: NOTE
    Package which this enhances but not available for checking: ‘Rcplex’
Flavors: r-devel-linux-x86_64-fedora-clang, r-devel-linux-x86_64-fedora-gcc, r-devel-osx-x86_64-clang, r-devel-windows-ix86+x86_64, r-release-windows-ix86+x86_64, r-oldrel-windows-ix86+x86_64

Version: 0.6-6
Check: package dependencies
Result: NOTE
    Package suggested but not available for checking: ‘Rsymphony’
    
    Package which this enhances but not available for checking: ‘Rcplex’
Flavors: r-patched-solaris-sparc, r-patched-solaris-x86, r-release-osx-x86_64-mavericks