CRAN Package Check Results for Package remote

Last updated on 2015-12-29 00:46:57.

Flavor Version Tinstall Tcheck Ttotal Status Flags
r-devel-linux-x86_64-debian-gcc 1.0.0 9.57 48.94 58.52 NOTE
r-devel-linux-x86_64-fedora-clang 1.0.0 127.05 NOTE
r-devel-linux-x86_64-fedora-gcc 1.0.0 120.16 NOTE
r-devel-osx-x86_64-clang 1.0.0 145.41 NOTE
r-devel-windows-ix86+x86_64 1.0.0 35.00 148.00 183.00 NOTE
r-patched-linux-x86_64 1.0.0 9.95 52.43 62.38 NOTE
r-patched-solaris-sparc 1.0.0 1074.00 NOTE
r-patched-solaris-x86 1.0.0 176.10 NOTE
r-release-linux-x86_64 1.0.0 10.02 52.33 62.35 NOTE
r-release-osx-x86_64-mavericks 1.0.0 OK
r-release-windows-ix86+x86_64 1.0.0 48.00 190.00 238.00 NOTE
r-oldrel-windows-ix86+x86_64 1.0.0 54.00 203.00 257.00 NOTE

Check Details

Version: 1.0.0
Check: R code for possible problems
Result: NOTE
    EotCycle : <anonymous>: no visible global function definition for ‘pt’
    EotCycle: no visible global function definition for ‘write.table’
    calcVar: no visible binding for global variable ‘var’
    calcVar: no visible global function definition for ‘var’
    covWeight: no visible global function definition for ‘cov.wt’
    covWeight: no visible global function definition for ‘na.exclude’
    denoise: no visible global function definition for ‘princomp’
    denoise: no visible binding for global variable ‘na.exclude’
    plotLocations : clrs.hcl: no visible global function definition for
     ‘hcl’
    eot,RasterStack: no visible binding for global variable ‘y.eq.x’
    plot,EotMode-ANY: no visible global function definition for
     ‘colorRampPalette’
    plot,EotStack-ANY: no visible global function definition for
     ‘colorRampPalette’
    subset,EotStack: no visible global function definition for ‘na.omit’
    Undefined global functions or variables:
     colorRampPalette cov.wt hcl na.exclude na.omit princomp pt var
     write.table y.eq.x
    Consider adding
     importFrom("grDevices", "colorRampPalette", "hcl")
     importFrom("stats", "cov.wt", "na.exclude", "na.omit", "princomp",
     "pt", "var")
     importFrom("utils", "write.table")
    to your NAMESPACE.
Flavors: r-devel-linux-x86_64-debian-gcc, r-devel-linux-x86_64-fedora-clang, r-devel-linux-x86_64-fedora-gcc, r-devel-windows-ix86+x86_64

Version: 1.0.0
Check: R code for possible problems
Result: NOTE
    eot,RasterStack: no visible binding for global variable ‘y.eq.x’
    Undefined global functions or variables:
     y.eq.x
Flavor: r-devel-osx-x86_64-clang

Version: 1.0.0
Check: R code for possible problems
Result: NOTE
    eot,RasterStack : .local: no visible binding for global variable
     ‘y.eq.x’
Flavors: r-patched-linux-x86_64, r-patched-solaris-sparc, r-patched-solaris-x86, r-release-linux-x86_64, r-release-windows-ix86+x86_64, r-oldrel-windows-ix86+x86_64