CRAN Package Check Results for Package rfigshare

Last updated on 2015-12-29 00:46:57.

Flavor Version Tinstall Tcheck Ttotal Status Flags
r-devel-linux-x86_64-debian-gcc 0.3.7 1.54 19.77 21.31 NOTE
r-devel-linux-x86_64-fedora-clang 0.3.7 42.79 NOTE
r-devel-linux-x86_64-fedora-gcc 0.3.7 40.32 NOTE
r-devel-osx-x86_64-clang 0.3.7 49.44 OK
r-devel-windows-ix86+x86_64 0.3.7 5.00 40.00 45.00 NOTE
r-patched-linux-x86_64 0.3.7 1.70 21.70 23.40 OK
r-patched-solaris-sparc 0.3.7 285.80 OK
r-patched-solaris-x86 0.3.7 61.20 OK
r-release-linux-x86_64 0.3.7 1.80 20.94 22.74 OK
r-release-osx-x86_64-mavericks 0.3.7 OK
r-release-windows-ix86+x86_64 0.3.7 9.00 66.00 75.00 OK
r-oldrel-windows-ix86+x86_64 0.3.7 16.00 66.00 82.00 OK

Check Details

Version: 0.3.7
Check: R code for possible problems
Result: NOTE
    fs_author_ids : <anonymous>: no visible global function definition for
     ‘select.list’
    fs_download : <anonymous>: no visible global function definition for
     ‘download.file’
    Undefined global functions or variables:
     download.file select.list
    Consider adding
     importFrom("utils", "download.file", "select.list")
    to your NAMESPACE.
Flavors: r-devel-linux-x86_64-debian-gcc, r-devel-linux-x86_64-fedora-clang, r-devel-linux-x86_64-fedora-gcc, r-devel-windows-ix86+x86_64