Last updated on 2015-12-29 00:46:58.
Flavor | Version | Tinstall | Tcheck | Ttotal | Status | Flags |
---|---|---|---|---|---|---|
r-devel-linux-x86_64-debian-gcc | 0.1.1431 | 1.05 | 17.84 | 18.88 | OK | |
r-devel-linux-x86_64-fedora-clang | 0.1.1434 | 38.54 | OK | |||
r-devel-linux-x86_64-fedora-gcc | 0.1.1431 | 35.73 | OK | |||
r-devel-osx-x86_64-clang | 0.1.1431 | 42.91 | OK | |||
r-devel-windows-ix86+x86_64 | 0.1.1431 | 5.00 | 37.00 | 42.00 | OK | |
r-patched-linux-x86_64 | 0.1.1431 | 1.09 | 20.89 | 21.98 | OK | |
r-patched-solaris-sparc | 0.1.1431 | 223.90 | OK | |||
r-patched-solaris-x86 | 0.1.1434 | 50.70 | OK | |||
r-release-linux-x86_64 | 0.1.1431 | 1.22 | 19.10 | 20.32 | OK | |
r-release-osx-x86_64-mavericks | 0.1.1431 | ERROR | ||||
r-release-windows-ix86+x86_64 | 0.1.1431 | 7.00 | 37.00 | 44.00 | OK | |
r-oldrel-windows-ix86+x86_64 | 0.1.1431 | 11.00 | 71.00 | 82.00 | OK |
Version: 0.1.1431
Check: package dependencies
Result: ERROR
Package required and available but unsuitable version: ‘rgl’
See section ‘The DESCRIPTION file’ in the ‘Writing R Extensions’
manual.
Flavor: r-release-osx-x86_64-mavericks