CRAN Package Check Results for Package rpubchem

Last updated on 2015-12-29 00:46:59.

Flavor Version Tinstall Tcheck Ttotal Status Flags
r-devel-linux-x86_64-debian-gcc 1.5.0.2 3.94 41.36 45.31 NOTE
r-devel-linux-x86_64-fedora-clang 1.5.0.2 97.35 NOTE
r-devel-linux-x86_64-fedora-gcc 1.5.0.2 91.85 NOTE
r-devel-osx-x86_64-clang 1.5.0.2 106.73 NOTE
r-devel-windows-ix86+x86_64 1.5.0.2 11.00 74.00 85.00 NOTE
r-patched-linux-x86_64 1.5.0.2 4.14 45.37 49.51 NOTE
r-patched-solaris-sparc 1.5.0.2 613.00 NOTE
r-patched-solaris-x86 1.5.0.2 132.80 NOTE
r-release-linux-x86_64 1.5.0.2 4.21 45.95 50.16 NOTE
r-release-osx-x86_64-mavericks 1.5.0.2 NOTE
r-release-windows-ix86+x86_64 1.5.0.2 15.00 80.00 95.00 NOTE
r-oldrel-windows-ix86+x86_64 1.5.0.2 27.00 147.00 174.00 OK

Check Details

Version: 1.5.0.2
Check: DESCRIPTION meta-information
Result: NOTE
    Malformed Description field: should contain one or more complete sentences.
Flavors: r-devel-linux-x86_64-debian-gcc, r-devel-linux-x86_64-fedora-clang, r-devel-linux-x86_64-fedora-gcc, r-devel-osx-x86_64-clang, r-devel-windows-ix86+x86_64, r-patched-linux-x86_64, r-patched-solaris-sparc, r-patched-solaris-x86, r-release-linux-x86_64, r-release-osx-x86_64-mavericks, r-release-windows-ix86+x86_64

Version: 1.5.0.2
Check: R code for possible problems
Result: NOTE
    .find.compound.count: no visible global function definition for
     ‘URLencode’
    .find.compound.count: no visible global function definition for
     ‘download.file’
    .get.xml.file: no visible global function definition for
     ‘download.file’
    .getAssay: no visible global function definition for ‘read.csv’
    find.assay.id: no visible global function definition for ‘URLencode’
    find.assay.id: no visible global function definition for
     ‘download.file’
    get.aid.by.cid: no visible global function definition for
     ‘download.file’
    get.aid.by.cid: no visible global function definition for ‘read.csv’
    get.assay.desc: no visible global function definition for
     ‘download.file’
    Undefined global functions or variables:
     URLencode download.file read.csv
    Consider adding
     importFrom("utils", "URLencode", "download.file", "read.csv")
    to your NAMESPACE.
Flavors: r-devel-linux-x86_64-debian-gcc, r-devel-linux-x86_64-fedora-clang, r-devel-linux-x86_64-fedora-gcc, r-devel-windows-ix86+x86_64