CRAN Package Check Results for Package rworldxtra

Last updated on 2015-12-29 00:46:59.

Flavor Version Tinstall Tcheck Ttotal Status Flags
r-devel-linux-x86_64-debian-gcc 1.01 0.83 7.94 8.77 NOTE
r-devel-linux-x86_64-fedora-clang 1.01 16.65 NOTE
r-devel-linux-x86_64-fedora-gcc 1.01 16.46 NOTE
r-devel-osx-x86_64-clang 1.01 21.07 NOTE
r-devel-windows-ix86+x86_64 1.01 3.00 19.00 22.00 NOTE
r-patched-linux-x86_64 1.01 0.87 8.78 9.64 NOTE
r-patched-solaris-sparc 1.01 117.00 NOTE
r-patched-solaris-x86 1.01 25.10 NOTE
r-release-linux-x86_64 1.01 0.96 8.87 9.83 NOTE
r-release-osx-x86_64-mavericks 1.01 NOTE
r-release-windows-ix86+x86_64 1.01 4.00 20.00 24.00 NOTE
r-oldrel-windows-ix86+x86_64 1.01 5.00 22.00 27.00 NOTE

Check Details

Version: 1.01
Check: installed package size
Result: NOTE
     installed size is 5.1Mb
     sub-directories of 1Mb or more:
     data 5.0Mb
Flavors: r-devel-linux-x86_64-debian-gcc, r-devel-linux-x86_64-fedora-clang, r-devel-linux-x86_64-fedora-gcc, r-devel-osx-x86_64-clang, r-devel-windows-ix86+x86_64, r-patched-linux-x86_64, r-patched-solaris-sparc, r-patched-solaris-x86, r-release-linux-x86_64, r-release-osx-x86_64-mavericks, r-release-windows-ix86+x86_64, r-oldrel-windows-ix86+x86_64

Version: 1.01
Check: DESCRIPTION meta-information
Result: NOTE
    Malformed Title field: should not end in a period.
Flavors: r-devel-linux-x86_64-debian-gcc, r-devel-linux-x86_64-fedora-clang, r-devel-linux-x86_64-fedora-gcc, r-devel-osx-x86_64-clang, r-devel-windows-ix86+x86_64, r-patched-linux-x86_64, r-patched-solaris-sparc, r-patched-solaris-x86, r-release-linux-x86_64, r-release-osx-x86_64-mavericks, r-release-windows-ix86+x86_64