CRAN Package Check Results for Package s2dverification

Last updated on 2015-12-29 00:47:00.

Flavor Version Tinstall Tcheck Ttotal Status Flags
r-devel-linux-x86_64-debian-gcc 2.4.0 3.16 43.71 46.88 OK
r-devel-linux-x86_64-fedora-clang 2.4.0 94.82 OK
r-devel-linux-x86_64-fedora-gcc 2.4.0 89.22 OK
r-devel-osx-x86_64-clang 2.4.0 106.76 OK
r-devel-windows-ix86+x86_64 2.4.0 12.00 116.00 128.00 OK
r-patched-linux-x86_64 2.4.0 3.96 48.19 52.14 OK
r-patched-solaris-sparc 2.4.0 20.80 ERROR
r-patched-solaris-x86 2.4.0 3.60 ERROR
r-release-linux-x86_64 2.4.0 3.42 47.96 51.38 OK
r-release-osx-x86_64-mavericks 2.4.0 OK
r-release-windows-ix86+x86_64 2.4.0 19.00 90.00 109.00 OK
r-oldrel-windows-ix86+x86_64 2.4.0 3.00 2.00 5.00 ERROR

Check Details

Version: 2.4.0
Check: package dependencies
Result: ERROR
    Package required but not available: ‘bigmemory’
    
    See section ‘The DESCRIPTION file’ in the ‘Writing R Extensions’
    manual.
Flavors: r-patched-solaris-sparc, r-patched-solaris-x86

Version: 2.4.0
Check: package dependencies
Result: ERROR
    Package required but not available: 'ncdf4'
    
    See section 'The DESCRIPTION file' in the 'Writing R Extensions'
    manual.
Flavor: r-oldrel-windows-ix86+x86_64