CRAN Package Check Results for Package simsalapar

Last updated on 2015-12-29 00:47:01.

Flavor Version Tinstall Tcheck Ttotal Status Flags
r-devel-linux-x86_64-debian-gcc 1.0-7 1.20 60.21 61.41 ERROR
r-devel-linux-x86_64-fedora-clang 1.0-7 38.17 ERROR
r-devel-linux-x86_64-fedora-gcc 1.0-7 36.12 ERROR
r-devel-osx-x86_64-clang 1.0-7 52.94 ERROR
r-devel-windows-ix86+x86_64 1.0-7 4.00 81.00 85.00 OK
r-patched-linux-x86_64 1.0-7 1.70 64.44 66.14 OK
r-patched-solaris-sparc 1.0-7 855.30 OK
r-patched-solaris-x86 1.0-7 181.80 OK
r-release-linux-x86_64 1.0-7 1.32 68.11 69.43 OK
r-release-osx-x86_64-mavericks 1.0-7 NOTE
r-release-windows-ix86+x86_64 1.0-7 6.00 90.00 96.00 OK
r-oldrel-windows-ix86+x86_64 1.0-7 7.00 124.00 131.00 OK

Check Details

Version: 1.0-7
Check: tests
Result: ERROR
    Running the tests in ‘tests/tstVaRsuperadd.R’ failed.
    Last 13 lines of output:
     + mayplot(val[qmargin=m,,,,], varList, row.vars="family", col.vars="tau",
     + xvar="alpha", ylim=if(n.obs > 1000) "local" else "global",
     + panel.first = function(...) abline(h=0, col="gray40"), # gray line
     + panel.last = function(x,y, col, ...) {
     + ## For demo: write the 'panel.last' string, dependent on (x,y)
     + rx <- range(x); dx <- diff(rx)
     + ry <- range(y); dy <- diff(ry)
     + text(rx[1]+.7*dx, ry[1]+.2*dy, "< 0: superadd.", col=col)
     + })
     + if(doPDF) dev.off()
     + }
     Error: names(d) == avar are not all TRUE
     Execution halted
Flavors: r-devel-linux-x86_64-debian-gcc, r-devel-linux-x86_64-fedora-clang, r-devel-linux-x86_64-fedora-gcc, r-devel-osx-x86_64-clang

Version: 1.0-7
Check: package dependencies
Result: NOTE
    Package suggested but not available for checking: ‘Rmpi’
Flavor: r-release-osx-x86_64-mavericks

Version: 1.0-7
Check: Rd cross-references
Result: NOTE
    Package unavailable to check Rd xrefs: ‘Rmpi’
Flavor: r-release-osx-x86_64-mavericks