CRAN Package Check Results for Package spaceExt

Last updated on 2015-12-29 00:47:02.

Flavor Version Tinstall Tcheck Ttotal Status Flags
r-devel-linux-x86_64-debian-gcc 1.0 1.31 9.54 10.86 NOTE
r-devel-linux-x86_64-fedora-clang 1.0 20.40 NOTE
r-devel-linux-x86_64-fedora-gcc 1.0 19.66 NOTE
r-devel-osx-x86_64-clang 1.0 23.63 NOTE
r-devel-windows-ix86+x86_64 1.0 7.00 29.00 36.00 NOTE
r-patched-linux-x86_64 1.0 1.36 9.80 11.16 NOTE
r-patched-solaris-sparc 1.0 149.50 NOTE
r-patched-solaris-x86 1.0 35.00 NOTE
r-release-linux-x86_64 1.0 1.36 10.09 11.45 NOTE
r-release-osx-x86_64-mavericks 1.0 NOTE
r-release-windows-ix86+x86_64 1.0 11.00 26.00 37.00 NOTE
r-oldrel-windows-ix86+x86_64 1.0 11.00 34.00 45.00 NOTE

Check Details

Version: 1.0
Check: DESCRIPTION meta-information
Result: NOTE
    Malformed Description field: should contain one or more complete sentences.
Flavors: r-devel-linux-x86_64-debian-gcc, r-devel-linux-x86_64-fedora-clang, r-devel-linux-x86_64-fedora-gcc, r-devel-osx-x86_64-clang, r-devel-windows-ix86+x86_64, r-patched-linux-x86_64, r-patched-solaris-sparc, r-patched-solaris-x86, r-release-linux-x86_64, r-release-osx-x86_64-mavericks, r-release-windows-ix86+x86_64

Version: 1.0
Check: dependencies in R code
Result: NOTE
    Packages in Depends field not imported from:
     ‘glasso’ ‘limSolve’
     These packages need to be imported from (in the NAMESPACE file)
     for when this namespace is loaded but not attached.
Flavors: r-devel-linux-x86_64-debian-gcc, r-devel-linux-x86_64-fedora-clang, r-devel-linux-x86_64-fedora-gcc, r-devel-osx-x86_64-clang, r-devel-windows-ix86+x86_64, r-patched-linux-x86_64, r-patched-solaris-sparc, r-patched-solaris-x86, r-release-linux-x86_64, r-release-osx-x86_64-mavericks, r-release-windows-ix86+x86_64, r-oldrel-windows-ix86+x86_64

Version: 1.0
Check: R code for possible problems
Result: NOTE
    glasso.miss: no visible global function definition for ‘cov’
    glasso.miss: no visible global function definition for ‘glasso’
    glasso.miss: no visible global function definition for ‘Solve’
    space.miss: no visible global function definition for ‘Solve’
    Undefined global functions or variables:
     Solve cov glasso
    Consider adding
     importFrom("stats", "cov")
    to your NAMESPACE.
Flavors: r-devel-linux-x86_64-debian-gcc, r-devel-linux-x86_64-fedora-clang, r-devel-linux-x86_64-fedora-gcc, r-devel-windows-ix86+x86_64

Version: 1.0
Check: Rd line widths
Result: NOTE
    Rd file 'glasso.miss.Rd':
     \examples lines wider than 100 characters:
     data(finStocksCn) ##data of finance sector of Chinese Stock Market, from January 4th, 2011 to July 26th, 2011
    
    Rd file 'space.miss.Rd':
     \examples lines wider than 100 characters:
     data(finStocksCn) ##data of finance sector of Chinese Stock Market, from January 4th, 2011 to July 26th, 2011
    
    These lines will be truncated in the PDF manual.
Flavors: r-devel-linux-x86_64-debian-gcc, r-devel-linux-x86_64-fedora-clang, r-devel-linux-x86_64-fedora-gcc, r-patched-linux-x86_64, r-release-linux-x86_64

Version: 1.0
Check: R code for possible problems
Result: NOTE
    glasso.miss: no visible global function definition for ‘glasso’
    glasso.miss: no visible global function definition for ‘Solve’
    space.miss: no visible global function definition for ‘Solve’
    Undefined global functions or variables:
     Solve glasso
Flavor: r-devel-osx-x86_64-clang

Version: 1.0
Check: R code for possible problems
Result: NOTE
    glasso.miss: no visible global function definition for ‘glasso’
    glasso.miss: no visible global function definition for ‘Solve’
    space.miss: no visible global function definition for ‘Solve’
Flavors: r-patched-linux-x86_64, r-patched-solaris-sparc, r-patched-solaris-x86, r-release-linux-x86_64, r-release-osx-x86_64-mavericks, r-release-windows-ix86+x86_64, r-oldrel-windows-ix86+x86_64