CRAN Package Check Results for Package spatialsegregation

Last updated on 2015-12-29 00:47:02.

Flavor Version Tinstall Tcheck Ttotal Status Flags
r-devel-linux-x86_64-debian-gcc 2.40 7.72 35.82 43.54 NOTE
r-devel-linux-x86_64-fedora-clang 2.40 98.94 NOTE
r-devel-linux-x86_64-fedora-gcc 2.40 91.87 NOTE
r-devel-osx-x86_64-clang 2.40 95.03 NOTE
r-devel-windows-ix86+x86_64 2.40 37.00 124.00 161.00 NOTE
r-patched-linux-x86_64 2.40 8.26 39.07 47.34 NOTE
r-patched-solaris-sparc 2.40 549.70 NOTE
r-patched-solaris-x86 2.40 134.00 NOTE
r-release-linux-x86_64 2.40 8.71 38.84 47.55 NOTE
r-release-osx-x86_64-mavericks 2.40 OK
r-release-windows-ix86+x86_64 2.40 46.00 97.00 143.00 OK
r-oldrel-windows-ix86+x86_64 2.40 46.00 116.00 162.00 OK

Check Details

Version: 2.40
Check: S3 generic/method consistency
Result: NOTE
    Found the following apparent S3 methods exported but not registered:
     print.segtest
    See section ‘Registering S3 methods’ in the ‘Writing R Extensions’
    manual.
Flavors: r-devel-linux-x86_64-debian-gcc, r-devel-linux-x86_64-fedora-clang, r-devel-linux-x86_64-fedora-gcc, r-devel-osx-x86_64-clang, r-patched-linux-x86_64, r-patched-solaris-sparc, r-patched-solaris-x86, r-release-linux-x86_64

Version: 2.40
Check: R code for possible problems
Result: NOTE
    print.segtest: no visible global function definition for ‘pchisq’
    print.segtest: no visible global function definition for ‘pnorm’
    shake: no visible global function definition for ‘runif’
    Undefined global functions or variables:
     pchisq pnorm runif
    Consider adding
     importFrom("stats", "pchisq", "pnorm", "runif")
    to your NAMESPACE.
Flavors: r-devel-linux-x86_64-debian-gcc, r-devel-linux-x86_64-fedora-clang, r-devel-linux-x86_64-fedora-gcc, r-devel-windows-ix86+x86_64