CRAN Package Check Results for Package spfrontier

Last updated on 2015-12-29 00:47:02.

Flavor Version Tinstall Tcheck Ttotal Status Flags
r-devel-linux-x86_64-debian-gcc 0.1.12 3.60 48.12 51.72 NOTE
r-devel-linux-x86_64-fedora-clang 0.1.12 110.51 NOTE
r-devel-linux-x86_64-fedora-gcc 0.1.12 105.08 NOTE
r-devel-osx-x86_64-clang 0.1.12 114.63 NOTE
r-devel-windows-ix86+x86_64 0.1.12 11.00 85.00 96.00 NOTE
r-patched-linux-x86_64 0.1.12 4.13 52.74 56.87 NOTE
r-patched-solaris-sparc 0.1.12 772.90 NOTE
r-patched-solaris-x86 0.1.12 148.70 NOTE
r-release-linux-x86_64 0.1.12 4.34 52.90 57.23 NOTE
r-release-osx-x86_64-mavericks 0.1.12 NOTE
r-release-windows-ix86+x86_64 0.1.12 16.00 112.00 128.00 NOTE
r-oldrel-windows-ix86+x86_64 0.1.12 32.00 145.00 177.00 OK

Check Details

Version: 0.1.12
Check: DESCRIPTION meta-information
Result: NOTE
    Malformed Description field: should contain one or more complete sentences.
Flavors: r-devel-linux-x86_64-debian-gcc, r-devel-linux-x86_64-fedora-clang, r-devel-linux-x86_64-fedora-gcc, r-devel-osx-x86_64-clang, r-devel-windows-ix86+x86_64, r-patched-linux-x86_64, r-patched-solaris-sparc, r-patched-solaris-x86, r-release-linux-x86_64, r-release-osx-x86_64-mavericks, r-release-windows-ix86+x86_64

Version: 0.1.12
Check: R code for possible problems
Result: NOTE
    calculateInitialValues: no visible global function definition for
     ‘update’
    calculateInitialValues: no visible global function definition for
     ‘tail’
    calculateInitialValues: no visible global function definition for
     ‘head’
    constructW: no visible global function definition for ‘dist’
    funcGradient: no visible global function definition for ‘dnorm’
    funcGradient: no visible global function definition for ‘pnorm’
    funcLogL: no visible global function definition for ‘pnorm’
    genW: no visible global function definition for ‘rnorm’
    genW: no visible global function definition for ‘quantile’
    logLikelihood: no visible global function definition for ‘model.frame’
    logLikelihood: no visible global function definition for
     ‘model.response’
    logging: no visible global function definition for ‘flush.console’
    sfaInitialValues: no visible global function definition for ‘lm’
    sfaInitialValues: no visible global function definition for ‘var’
    sfaInitialValues: no visible global function definition for ‘coef’
    spfrontier: no visible global function definition for ‘model.frame’
    spfrontier: no visible global function definition for ‘model.response’
    spfrontier: no visible global function definition for ‘dnorm’
    spfrontier: no visible global function definition for ‘pnorm’
    spfrontier.dgp: no visible global function definition for ‘as.formula’
    spfrontier.dgp: no visible global function definition for ‘runif’
    spfrontier.dgp: no visible binding for global variable ‘data’
    spfrontier.estimator: no visible global function definition for ‘rnorm’
    spfrontier.estimator: no visible global function definition for
     ‘flush.console’
    spfrontier.test: no visible global function definition for ‘data’
    spfrontier.test: no visible global function definition for ‘dist’
    spfrontier.test: no visible global function definition for ‘lm’
    spfrontier.test: no visible global function definition for ‘plot’
    spfrontier.test: no visible global function definition for ‘density’
    spfrontier.test2: no visible global function definition for ‘data’
    spfrontier.test2: no visible global function definition for ‘lm’
    spfrontier.test2: no visible global function definition for ‘plot’
    spfrontier.test2: no visible global function definition for ‘density’
    spfrontier.test2: no visible global function definition for ‘dist’
    spfrontier.test4: no visible global function definition for ‘data’
    spfrontier.test4: no visible global function definition for ‘dist’
    summary,ModelEstimates: no visible global function definition for
     ‘pnorm’
    Undefined global functions or variables:
     as.formula coef data density dist dnorm flush.console head lm
     model.frame model.response plot pnorm quantile rnorm runif tail
     update var
    Consider adding
     importFrom("graphics", "plot")
     importFrom("stats", "as.formula", "coef", "density", "dist", "dnorm",
     "lm", "model.frame", "model.response", "pnorm", "quantile",
     "rnorm", "runif", "update", "var")
     importFrom("utils", "data", "flush.console", "head", "tail")
    to your NAMESPACE.
Flavors: r-devel-linux-x86_64-debian-gcc, r-devel-linux-x86_64-fedora-clang, r-devel-linux-x86_64-fedora-gcc, r-devel-windows-ix86+x86_64