Last updated on 2015-12-29 00:47:02.
Flavor | Version | Tinstall | Tcheck | Ttotal | Status | Flags |
---|---|---|---|---|---|---|
r-devel-linux-x86_64-debian-gcc | 1.1-9 | 2.94 | 25.20 | 28.14 | OK | --no-vignettes |
r-devel-linux-x86_64-fedora-clang | 1.1-9 | 621.77 | OK | --no-build-vignettes | ||
r-devel-linux-x86_64-fedora-gcc | 1.1-9 | 618.05 | OK | --no-build-vignettes | ||
r-devel-osx-x86_64-clang | 1.1-9 | 422.48 | OK | --no-build-vignettes | ||
r-devel-windows-ix86+x86_64 | 1.1-9 | 10.00 | 58.00 | 68.00 | OK | --no-vignettes |
r-patched-linux-x86_64 | 1.1-9 | 3.08 | 26.46 | 29.54 | OK | --no-vignettes |
r-patched-solaris-sparc | 1.1-9 | 311.80 | OK | --no-examples --no-vignettes | ||
r-patched-solaris-x86 | 1.1-9 | 69.10 | OK | --no-vignettes | ||
r-release-linux-x86_64 | 1.1-9 | 3.13 | 26.31 | 29.44 | WARN | --no-vignettes |
r-release-osx-x86_64-mavericks | 1.1-9 | OK | ||||
r-release-windows-ix86+x86_64 | 1.1-9 | 13.00 | 82.00 | 95.00 | WARN | --no-vignettes |
r-oldrel-windows-ix86+x86_64 | 1.1-9 | 22.00 | 92.00 | 114.00 | WARN | --no-vignettes |
Version: 1.1-9
Flags: --no-vignettes
Check: whether package can be installed
Result: WARN
Found the following significant warnings:
Warning: replacing previous import by ‘scales::alpha’ when loading ‘spikeSlabGAM’
Warning: replacing previous import by ‘grid::unit’ when loading ‘spikeSlabGAM’
Flavors: r-release-linux-x86_64, r-release-windows-ix86+x86_64, r-oldrel-windows-ix86+x86_64