CRAN Package Check Results for Package subsemble

Last updated on 2015-12-29 00:47:03.

Flavor Version Tinstall Tcheck Ttotal Status Flags
r-devel-linux-x86_64-debian-gcc 0.0.9 0.53 8.24 8.78 NOTE
r-devel-linux-x86_64-fedora-clang 0.0.9 16.96 NOTE
r-devel-linux-x86_64-fedora-gcc 0.0.9 16.04 NOTE
r-devel-osx-x86_64-clang 0.0.9 20.74 NOTE
r-devel-windows-ix86+x86_64 0.0.9 2.00 22.00 24.00 NOTE
r-patched-linux-x86_64 0.0.9 0.57 8.72 9.29 NOTE
r-patched-solaris-sparc 0.0.9 109.90 NOTE
r-patched-solaris-x86 0.0.9 25.60 NOTE
r-release-linux-x86_64 0.0.9 0.58 8.67 9.26 NOTE
r-release-osx-x86_64-mavericks 0.0.9 NOTE
r-release-windows-ix86+x86_64 0.0.9 3.00 21.00 24.00 NOTE
r-oldrel-windows-ix86+x86_64 0.0.9 4.00 26.00 30.00 NOTE

Check Details

Version: 0.0.9
Check: dependencies in R code
Result: NOTE
    'library' or 'require' call to ‘parallel’ in package code.
     Please use :: or requireNamespace() instead.
     See section 'Suggested packages' in the 'Writing R Extensions' manual.
Flavors: r-devel-linux-x86_64-debian-gcc, r-devel-linux-x86_64-fedora-clang, r-devel-linux-x86_64-fedora-gcc, r-devel-osx-x86_64-clang, r-devel-windows-ix86+x86_64, r-patched-linux-x86_64, r-patched-solaris-sparc, r-patched-solaris-x86, r-release-linux-x86_64, r-release-osx-x86_64-mavericks, r-release-windows-ix86+x86_64, r-oldrel-windows-ix86+x86_64

Version: 0.0.9
Check: S3 generic/method consistency
Result: NOTE
    Found the following apparent S3 methods exported but not registered:
     predict.subsemble
    See section ‘Registering S3 methods’ in the ‘Writing R Extensions’
    manual.
Flavors: r-devel-linux-x86_64-debian-gcc, r-devel-linux-x86_64-fedora-clang, r-devel-linux-x86_64-fedora-gcc, r-devel-osx-x86_64-clang, r-patched-linux-x86_64, r-patched-solaris-sparc, r-patched-solaris-x86, r-release-linux-x86_64

Version: 0.0.9
Check: R code for possible problems
Result: NOTE
    predict.subsemble: no visible global function definition for ‘predict’
    predict.subsemble: no visible binding for global variable ‘family’
    subsemble: no visible global function definition for ‘gaussian’
    subsemble: no visible global function definition for ‘detectCores’
    subsemble : .make_Z_l: no visible global function definition for
     ‘parSapply’
    subsemble : .make_Z_l: no visible global function definition for
     ‘makeCluster’
    subsemble : .make_Z_l: no visible global function definition for
     ‘stopCluster’
    subsemble: no visible global function definition for ‘parSapply’
    subsemble: no visible global function definition for ‘makeCluster’
    subsemble: no visible global function definition for ‘stopCluster’
    subsemble: no visible global function definition for ‘predict’
    Undefined global functions or variables:
     detectCores family gaussian makeCluster parSapply predict stopCluster
    Consider adding
     importFrom("stats", "family", "gaussian", "predict")
    to your NAMESPACE.
Flavors: r-devel-linux-x86_64-debian-gcc, r-devel-linux-x86_64-fedora-clang, r-devel-linux-x86_64-fedora-gcc, r-devel-windows-ix86+x86_64

Version: 0.0.9
Check: R code for possible problems
Result: NOTE
    subsemble: no visible global function definition for ‘detectCores’
    subsemble : .make_Z_l: no visible global function definition for
     ‘parSapply’
    subsemble : .make_Z_l: no visible global function definition for
     ‘makeCluster’
    subsemble : .make_Z_l: no visible global function definition for
     ‘stopCluster’
    subsemble: no visible global function definition for ‘parSapply’
    subsemble: no visible global function definition for ‘makeCluster’
    subsemble: no visible global function definition for ‘stopCluster’
    Undefined global functions or variables:
     detectCores makeCluster parSapply stopCluster
Flavor: r-devel-osx-x86_64-clang

Version: 0.0.9
Check: R code for possible problems
Result: NOTE
    subsemble: no visible global function definition for ‘detectCores’
    subsemble : .make_Z_l: no visible global function definition for
     ‘parSapply’
    subsemble : .make_Z_l: no visible global function definition for
     ‘makeCluster’
    subsemble : .make_Z_l: no visible global function definition for
     ‘stopCluster’
    subsemble: no visible global function definition for ‘parSapply’
    subsemble: no visible global function definition for ‘makeCluster’
    subsemble: no visible global function definition for ‘stopCluster’
Flavors: r-patched-linux-x86_64, r-patched-solaris-sparc, r-patched-solaris-x86, r-release-linux-x86_64, r-release-osx-x86_64-mavericks, r-release-windows-ix86+x86_64, r-oldrel-windows-ix86+x86_64

Version: 0.0.9
Check: package dependencies
Result: NOTE
    Packages suggested but not available for checking: ‘arm’ ‘caret’ ‘Hmisc’
Flavor: r-release-osx-x86_64-mavericks