Last updated on 2015-12-29 00:47:03.
Flavor | Version | Tinstall | Tcheck | Ttotal | Status | Flags |
---|---|---|---|---|---|---|
r-devel-linux-x86_64-debian-gcc | 1.0.6 | 2.26 | 21.62 | 23.88 | NOTE | |
r-devel-linux-x86_64-fedora-clang | 1.0.6 | 42.72 | NOTE | |||
r-devel-linux-x86_64-fedora-gcc | 1.0.6 | 39.77 | NOTE | |||
r-devel-osx-x86_64-clang | 1.0.6 | 42.69 | NOTE | |||
r-devel-windows-ix86+x86_64 | 1.0.6 | 5.00 | 36.00 | 41.00 | NOTE | |
r-patched-linux-x86_64 | 1.0.6 | 1.56 | 20.22 | 21.78 | NOTE | |
r-patched-solaris-sparc | 1.0.6 | 264.30 | NOTE | |||
r-patched-solaris-x86 | 1.0.6 | 61.80 | NOTE | |||
r-release-linux-x86_64 | 1.0.6 | 1.82 | 22.21 | 24.02 | NOTE | |
r-release-osx-x86_64-mavericks | 1.0.6 | NOTE | ||||
r-release-windows-ix86+x86_64 | 1.0.6 | 6.00 | 44.00 | 50.00 | NOTE | |
r-oldrel-windows-ix86+x86_64 | 1.0.6 | 10.00 | 49.00 | 59.00 | NOTE |
Version: 1.0.6
Check: DESCRIPTION meta-information
Result: NOTE
Malformed Description field: should contain one or more complete sentences.
Flavors: r-devel-linux-x86_64-debian-gcc, r-devel-linux-x86_64-fedora-clang, r-devel-linux-x86_64-fedora-gcc, r-devel-osx-x86_64-clang, r-devel-windows-ix86+x86_64, r-patched-linux-x86_64, r-patched-solaris-sparc, r-patched-solaris-x86, r-release-linux-x86_64, r-release-osx-x86_64-mavericks, r-release-windows-ix86+x86_64
Version: 1.0.6
Check: S3 generic/method consistency
Result: NOTE
Found the following apparent S3 methods exported but not registered:
subset.SpatialPointsDataFrame subset.SpatialPolygonsDataFrame
See section ‘Registering S3 methods’ in the ‘Writing R Extensions’
manual.
Flavors: r-devel-linux-x86_64-debian-gcc, r-devel-linux-x86_64-fedora-clang, r-devel-linux-x86_64-fedora-gcc, r-devel-osx-x86_64-clang, r-patched-linux-x86_64, r-patched-solaris-sparc, r-patched-solaris-x86, r-release-linux-x86_64
Version: 1.0.6
Check: R code for possible problems
Result: NOTE
geocode.data.frame: no visible global function definition for ‘stack’
geocode.default : <anonymous>: no visible global function definition
for ‘URLencode’
georoute.default : <anonymous>: no visible global function definition
for ‘URLencode’
interpolateAndApplyWithinSpatial : <anonymous>: no visible global
function definition for ‘overlay’
smoothLines: no visible global function definition for ‘smooth.Pspline’
Undefined global functions or variables:
URLencode overlay smooth.Pspline stack
Consider adding
importFrom("utils", "URLencode", "stack")
to your NAMESPACE.
Flavors: r-devel-linux-x86_64-debian-gcc, r-devel-linux-x86_64-fedora-clang, r-devel-linux-x86_64-fedora-gcc, r-devel-windows-ix86+x86_64
Version: 1.0.6
Check: R code for possible problems
Result: NOTE
interpolateAndApplyWithinSpatial : <anonymous>: no visible global
function definition for ‘overlay’
smoothLines: no visible global function definition for ‘smooth.Pspline’
Undefined global functions or variables:
overlay smooth.Pspline
Flavor: r-devel-osx-x86_64-clang
Version: 1.0.6
Check: R code for possible problems
Result: NOTE
interpolateAndApplyWithinSpatial : <anonymous>: no visible global
function definition for ‘overlay’
smoothLines: no visible global function definition for ‘smooth.Pspline’
Flavors: r-patched-linux-x86_64, r-patched-solaris-sparc, r-patched-solaris-x86, r-release-linux-x86_64, r-release-windows-ix86+x86_64, r-oldrel-windows-ix86+x86_64
Version: 1.0.6
Check: R code for possible problems
Result: NOTE
smoothLines: no visible global function definition for ‘smooth.Pspline’
Flavor: r-release-osx-x86_64-mavericks