CRAN Package Check Results for Package tdr

Last updated on 2015-12-29 00:47:03.

Flavor Version Tinstall Tcheck Ttotal Status Flags
r-devel-linux-x86_64-debian-gcc 0.11 1.02 14.84 15.86 NOTE
r-devel-linux-x86_64-fedora-clang 0.11 30.88 NOTE
r-devel-linux-x86_64-fedora-gcc 0.11 29.25 NOTE
r-devel-osx-x86_64-clang 0.11 36.50 OK
r-devel-windows-ix86+x86_64 0.11 3.00 31.00 34.00 NOTE
r-patched-linux-x86_64 0.11 1.14 15.73 16.87 OK
r-patched-solaris-sparc 0.11 227.60 OK
r-patched-solaris-x86 0.11 47.30 OK
r-release-linux-x86_64 0.11 1.01 15.54 16.55 OK
r-release-osx-x86_64-mavericks 0.11 OK
r-release-windows-ix86+x86_64 0.11 4.00 52.00 56.00 OK
r-oldrel-windows-ix86+x86_64 0.11 12.00 46.00 58.00 OK

Check Details

Version: 0.11
Check: R code for possible problems
Result: NOTE
    makeCircles: no visible global function definition for ‘quantile’
    targetDiagram: no visible global function definition for ‘as.formula’
    targetDiagram: no visible global function definition for ‘modifyList’
    targetDiagram: no visible global function definition for ‘extendrange’
    tdStats : sdo: no visible global function definition for ‘sd’
    tdStats : sdm: no visible global function definition for ‘sd’
    tdStats : r2: no visible global function definition for ‘cor’
    Undefined global functions or variables:
     as.formula cor extendrange modifyList quantile sd
    Consider adding
     importFrom("grDevices", "extendrange")
     importFrom("stats", "as.formula", "cor", "quantile", "sd")
     importFrom("utils", "modifyList")
    to your NAMESPACE.
Flavors: r-devel-linux-x86_64-debian-gcc, r-devel-linux-x86_64-fedora-clang, r-devel-linux-x86_64-fedora-gcc, r-devel-windows-ix86+x86_64