CRAN Package Check Results for Package tigris

Last updated on 2015-12-29 00:47:05.

Flavor Version Tinstall Tcheck Ttotal Status Flags
r-devel-linux-x86_64-debian-gcc 0.1 1.90 23.80 25.70 OK
r-devel-linux-x86_64-fedora-clang 0.1 48.05 OK
r-devel-linux-x86_64-fedora-gcc 0.1 45.62 OK
r-devel-osx-x86_64-clang 0.1 49.83 OK
r-devel-windows-ix86+x86_64 0.1 6.00 44.00 50.00 OK
r-patched-linux-x86_64 0.1 1.87 23.54 25.41 OK
r-patched-solaris-sparc 0.1 301.10 OK
r-patched-solaris-x86 0.1 70.50 OK
r-release-linux-x86_64 0.1 2.38 24.96 27.34 OK
r-release-osx-x86_64-mavericks 0.1 WARN
r-release-windows-ix86+x86_64 0.1 8.00 78.00 86.00 OK
r-oldrel-windows-ix86+x86_64 0.1 14.00 65.00 79.00 OK

Check Details

Version: 0.1
Check: whether package can be installed
Result: WARN
    Found the following significant warnings:
     Warning: replacing previous import by ‘sp::nowrapSpatialLines’ when loading ‘tigris’
Flavor: r-release-osx-x86_64-mavericks