Last updated on 2015-12-29 00:47:05.
Flavor | Version | Tinstall | Tcheck | Ttotal | Status | Flags |
---|---|---|---|---|---|---|
r-devel-linux-x86_64-debian-gcc | 1.0 | 6.50 | 66.34 | 72.84 | NOTE | |
r-devel-linux-x86_64-fedora-clang | 1.0 | 151.44 | NOTE | |||
r-devel-linux-x86_64-fedora-gcc | 1.0 | 145.33 | NOTE | |||
r-devel-osx-x86_64-clang | 1.0 | 162.25 | OK | |||
r-devel-windows-ix86+x86_64 | 1.0 | 16.00 | 112.00 | 128.00 | NOTE | |
r-patched-linux-x86_64 | 1.0 | 8.15 | 70.73 | 78.88 | OK | |
r-patched-solaris-sparc | 1.0 | 457.50 | OK | |||
r-patched-solaris-x86 | 1.0 | 202.10 | OK | |||
r-release-linux-x86_64 | 1.0 | 7.69 | 70.68 | 78.37 | OK | |
r-release-osx-x86_64-mavericks | 1.0 | OK | ||||
r-release-windows-ix86+x86_64 | 1.0 | 22.00 | 120.00 | 142.00 | OK | |
r-oldrel-windows-ix86+x86_64 | 1.0 | 37.00 | 203.00 | 240.00 | OK |
Version: 1.0
Check: R code for possible problems
Result: NOTE
author.search: no visible binding for global variable ‘na.omit’
reference.list: no visible global function definition for ‘na.omit’
Undefined global functions or variables:
na.omit
Consider adding
importFrom("stats", "na.omit")
to your NAMESPACE.
Flavors: r-devel-linux-x86_64-debian-gcc, r-devel-linux-x86_64-fedora-clang, r-devel-linux-x86_64-fedora-gcc, r-devel-windows-ix86+x86_64