Last updated on 2015-12-29 00:47:06.
Flavor | Version | Tinstall | Tcheck | Ttotal | Status | Flags |
---|---|---|---|---|---|---|
r-devel-linux-x86_64-debian-gcc | 0.8 | 0.53 | 8.07 | 8.60 | NOTE | |
r-devel-linux-x86_64-fedora-clang | 0.8 | 16.12 | NOTE | |||
r-devel-linux-x86_64-fedora-gcc | 0.8 | 15.29 | NOTE | |||
r-devel-osx-x86_64-clang | 0.8 | 19.75 | NOTE | |||
r-devel-windows-ix86+x86_64 | 0.8 | 3.00 | 22.00 | 25.00 | NOTE | |
r-patched-linux-x86_64 | 0.8 | 0.50 | 8.40 | 8.90 | NOTE | |
r-patched-solaris-sparc | 0.8 | 103.20 | NOTE | |||
r-patched-solaris-x86 | 0.8 | 22.80 | NOTE | |||
r-release-linux-x86_64 | 0.8 | 0.52 | 8.46 | 8.98 | NOTE | |
r-release-osx-x86_64-mavericks | 0.8 | NOTE | ||||
r-release-windows-ix86+x86_64 | 0.8 | 2.00 | 26.00 | 28.00 | NOTE | |
r-oldrel-windows-ix86+x86_64 | 0.8 | 3.00 | 19.00 | 22.00 | OK |
Version: 0.8
Check: DESCRIPTION meta-information
Result: NOTE
Malformed Description field: should contain one or more complete sentences.
Flavors: r-devel-linux-x86_64-debian-gcc, r-devel-linux-x86_64-fedora-clang, r-devel-linux-x86_64-fedora-gcc, r-devel-osx-x86_64-clang, r-devel-windows-ix86+x86_64, r-patched-linux-x86_64, r-patched-solaris-sparc, r-patched-solaris-x86, r-release-linux-x86_64, r-release-osx-x86_64-mavericks, r-release-windows-ix86+x86_64
Version: 0.8
Check: R code for possible problems
Result: NOTE
rltriangle: no visible global function definition for ‘runif’
rtriangle: no visible global function definition for ‘runif’
Undefined global functions or variables:
runif
Consider adding
importFrom("stats", "runif")
to your NAMESPACE.
Flavors: r-devel-linux-x86_64-debian-gcc, r-devel-linux-x86_64-fedora-clang, r-devel-linux-x86_64-fedora-gcc, r-devel-windows-ix86+x86_64