Last updated on 2015-12-29 00:47:06.
Flavor | Version | Tinstall | Tcheck | Ttotal | Status | Flags |
---|---|---|---|---|---|---|
r-devel-linux-x86_64-debian-gcc | 2.3-2 | 7.66 | 142.19 | 149.85 | NOTE | |
r-devel-linux-x86_64-fedora-clang | 2.3-2 | 291.06 | NOTE | |||
r-devel-linux-x86_64-fedora-gcc | 2.3-2 | 278.48 | OK | |||
r-devel-osx-x86_64-clang | 2.3-2 | 314.33 | NOTE | |||
r-devel-windows-ix86+x86_64 | 2.3-2 | 29.00 | 389.00 | 418.00 | OK | |
r-patched-linux-x86_64 | 2.3-2 | 7.94 | 147.96 | 155.90 | NOTE | |
r-patched-solaris-sparc | 2.3-2 | 1715.00 | OK | --no-build-vignettes | ||
r-patched-solaris-x86 | 2.3-2 | 340.90 | OK | |||
r-release-linux-x86_64 | 2.3-2 | 7.96 | 146.46 | 154.42 | NOTE | |
r-release-osx-x86_64-mavericks | 2.3-2 | OK | ||||
r-release-windows-ix86+x86_64 | 2.3-2 | 34.00 | 322.00 | 356.00 | OK | |
r-oldrel-windows-ix86+x86_64 | 2.3-2 | 42.00 | 341.00 | 383.00 | OK |
Version: 2.3-2
Check: R code for possible problems
Result: NOTE
Found the following assignments to the global environment:
File ‘vegan/R/orditkplot.R’:
assign(dumpName, xy, envir = .GlobalEnv)
assign(dumpName, xy, envir = .GlobalEnv)
Flavors: r-devel-linux-x86_64-debian-gcc, r-devel-linux-x86_64-fedora-clang, r-devel-osx-x86_64-clang, r-patched-linux-x86_64, r-release-linux-x86_64