Last updated on 2016-01-17 22:46:32.
Flavor | Version | Tinstall | Tcheck | Ttotal | Status | Flags |
---|---|---|---|---|---|---|
r-devel-linux-x86_64-debian-gcc | 0.1.1 | 0.68 | 10.34 | 11.02 | OK | |
r-devel-linux-x86_64-fedora-clang | 0.1.1 | 19.58 | OK | |||
r-devel-linux-x86_64-fedora-gcc | 0.1.1 | 18.04 | OK | |||
r-devel-osx-x86_64-clang | 0.1.1 | 24.27 | OK | |||
r-devel-windows-ix86+x86_64 | 0.1.1 | 4.00 | 20.00 | 24.00 | OK | |
r-patched-linux-x86_64 | 0.1.1 | 0.88 | 11.47 | 12.34 | OK | |
r-patched-solaris-sparc | 0.1.1 | 131.10 | OK | |||
r-patched-solaris-x86 | 0.1.1 | 27.90 | OK | |||
r-release-linux-x86_64 | 0.1.1 | 0.82 | 11.65 | 12.46 | OK | |
r-release-osx-x86_64-mavericks | 0.1.1 | OK | ||||
r-release-windows-ix86+x86_64 | 0.1.1 | 4.00 | 19.00 | 23.00 | OK | |
r-oldrel-windows-ix86+x86_64 | 0.1.1 | 5.00 | 21.00 | 26.00 | WARN |
Version: 0.1.1
Check: Rd files
Result: WARN
prepare_Rd: ALTopt-package.Rd:6: unknown macro '\packageTitle'
prepare_Rd: ALTopt-package.Rd:9: unknown macro '\packageDescription'
Flavor: r-oldrel-windows-ix86+x86_64